CRAN Package Check Results for Package dateback

Last updated on 2025-05-18 02:49:34 CEST.

Flavor Version Tinstall Tcheck Ttotal Status Flags
r-devel-linux-x86_64-debian-clang 1.0.5 1.56 21.28 22.84 NOTE
r-devel-linux-x86_64-debian-gcc 1.0.5 1.42 17.03 18.45 NOTE
r-devel-linux-x86_64-fedora-clang 1.0.5 35.58 OK
r-devel-linux-x86_64-fedora-gcc 1.0.5 34.23 OK
r-devel-windows-x86_64 1.0.5 3.00 99.00 102.00 OK
r-patched-linux-x86_64 1.0.5 1.69 20.64 22.33 OK
r-release-linux-x86_64 1.0.5 1.54 20.46 22.00 OK
r-release-macos-arm64 1.0.5 79.00 OK
r-release-macos-x86_64 1.0.5 91.00 OK
r-release-windows-x86_64 1.0.5 3.00 85.00 88.00 OK
r-oldrel-macos-arm64 1.0.5 33.00 OK
r-oldrel-macos-x86_64 1.0.5 95.00 OK
r-oldrel-windows-x86_64 1.0.5 3.00 100.00 103.00 OK

Check Details

Version: 1.0.5
Check: CRAN incoming feasibility
Result: NOTE Maintainer: ‘Ryota Suzuki <suzuki@ef-prime.com>’ No Authors@R field in DESCRIPTION. Please add one, modifying Authors@R: person(given = "Ryota", family = "Suzuki", role = c("aut", "cre"), email = "suzuki@ef-prime.com") as necessary. Flavors: r-devel-linux-x86_64-debian-clang, r-devel-linux-x86_64-debian-gcc