Last updated on 2024-08-16 01:48:16 CEST.
Flavor | Version | Tinstall | Tcheck | Ttotal | Status | Flags |
---|---|---|---|---|---|---|
r-devel-linux-x86_64-debian-clang | 0.5.1 | 5.14 | 73.56 | 78.70 | OK | |
r-devel-linux-x86_64-debian-gcc | 0.5.1 | 4.05 | 53.17 | 57.22 | OK | |
r-devel-linux-x86_64-fedora-clang | 0.5.1 | 124.38 | NOTE | |||
r-devel-linux-x86_64-fedora-gcc | 0.5.1 | 119.67 | NOTE | |||
r-devel-windows-x86_64 | 0.5.1 | 8.00 | 94.00 | 102.00 | OK | |
r-patched-linux-x86_64 | 0.5.1 | 5.20 | 71.61 | 76.81 | OK | |
r-release-linux-x86_64 | 0.5.1 | 4.85 | 70.24 | 75.09 | OK | |
r-release-macos-arm64 | 0.5.1 | 42.00 | OK | |||
r-release-macos-x86_64 | 0.5.1 | 63.00 | OK | |||
r-release-windows-x86_64 | 0.5.1 | 8.00 | 93.00 | 101.00 | OK | |
r-oldrel-macos-arm64 | 0.5.1 | 47.00 | OK | |||
r-oldrel-macos-x86_64 | 0.5.1 | 107.00 | OK | |||
r-oldrel-windows-x86_64 | 0.5.1 | 9.00 | 110.00 | 119.00 | OK |
Version: 0.5.1
Check: data for non-ASCII characters
Result: NOTE
Note: found 54339 marked UTF-8 strings
Flavors: r-devel-linux-x86_64-fedora-clang, r-devel-linux-x86_64-fedora-gcc