Last updated on 2025-05-12 02:49:56 CEST.
Flavor | Version | Tinstall | Tcheck | Ttotal | Status | Flags |
---|---|---|---|---|---|---|
r-devel-linux-x86_64-debian-clang | 0.1.0 | 1.89 | 23.71 | 25.60 | OK | |
r-devel-linux-x86_64-debian-gcc | 0.1.0 | 1.61 | 18.21 | 19.82 | OK | |
r-devel-linux-x86_64-fedora-clang | 0.1.0 | 43.48 | OK | |||
r-devel-linux-x86_64-fedora-gcc | 0.1.0 | 40.06 | OK | |||
r-devel-windows-x86_64 | 0.1.0 | 5.00 | 46.00 | 51.00 | OK | |
r-patched-linux-x86_64 | 0.1.0 | 2.25 | 22.60 | 24.85 | OK | |
r-release-linux-x86_64 | 0.1.0 | 1.63 | 22.51 | 24.14 | OK | |
r-release-macos-arm64 | 0.1.0 | 18.00 | OK | |||
r-release-macos-x86_64 | 0.1.0 | 28.00 | OK | |||
r-release-windows-x86_64 | 0.1.0 | 4.00 | 47.00 | 51.00 | OK | |
r-oldrel-macos-arm64 | 0.1.0 | 19.00 | NOTE | |||
r-oldrel-macos-x86_64 | 0.1.0 | 24.00 | NOTE | |||
r-oldrel-windows-x86_64 | 0.1.0 | 4.00 | 51.00 | 55.00 | NOTE |
Version: 0.1.0
Check: LazyData
Result: NOTE
'LazyData' is specified without a 'data' directory
Flavors: r-oldrel-macos-arm64, r-oldrel-macos-x86_64, r-oldrel-windows-x86_64