Last updated on 2024-07-27 01:53:09 CEST.
Flavor | Version | Tinstall | Tcheck | Ttotal | Status | Flags |
---|---|---|---|---|---|---|
r-devel-linux-x86_64-debian-clang | 1.1.0 | 13.27 | 147.45 | 160.72 | NOTE | |
r-devel-linux-x86_64-debian-gcc | 1.1.0 | 6.44 | 110.02 | 116.46 | NOTE | |
r-devel-linux-x86_64-fedora-clang | 1.1.0 | 197.80 | NOTE | |||
r-devel-linux-x86_64-fedora-gcc | 1.1.0 | 205.57 | NOTE | |||
r-devel-windows-x86_64 | 1.1.0 | 13.00 | 132.00 | 145.00 | NOTE | |
r-patched-linux-x86_64 | 1.1.0 | NOTE | ||||
r-release-linux-x86_64 | 1.1.0 | 7.21 | 137.04 | 144.25 | NOTE | |
r-release-macos-arm64 | 1.1.0 | 56.00 | NOTE | |||
r-release-macos-x86_64 | 1.1.0 | 93.00 | NOTE | |||
r-release-windows-x86_64 | 1.1.0 | 12.00 | 129.00 | 141.00 | NOTE | |
r-oldrel-macos-arm64 | 1.1.0 | 67.00 | OK | |||
r-oldrel-macos-x86_64 | 1.1.0 | 136.00 | OK | |||
r-oldrel-windows-x86_64 | 1.1.0 | 15.00 | 157.00 | 172.00 | OK |
Version: 1.1.0
Check: Rd files
Result: NOTE
checkRd: (-1) value_missing_table.Rd:19: Lost braces in \itemize; \value handles \item{}{} directly
checkRd: (-1) value_missing_table.Rd:20: Lost braces in \itemize; \value handles \item{}{} directly
Flavors: r-devel-linux-x86_64-debian-clang, r-devel-linux-x86_64-debian-gcc, r-devel-linux-x86_64-fedora-clang, r-devel-linux-x86_64-fedora-gcc, r-devel-windows-x86_64, r-patched-linux-x86_64, r-release-linux-x86_64, r-release-macos-arm64, r-release-macos-x86_64, r-release-windows-x86_64