Last updated on 2025-10-31 01:48:54 CET.
| Flavor | Version | Tinstall | Tcheck | Ttotal | Status | Flags | 
|---|---|---|---|---|---|---|
| r-devel-linux-x86_64-debian-clang | 1.0.0 | 3.30 | 25.09 | 28.39 | NOTE | |
| r-devel-linux-x86_64-debian-gcc | 1.0.0 | 1.98 | 20.96 | 22.94 | NOTE | |
| r-devel-linux-x86_64-fedora-clang | 1.0.0 | 43.48 | NOTE | |||
| r-devel-linux-x86_64-fedora-gcc | 1.0.0 | 54.67 | NOTE | |||
| r-devel-windows-x86_64 | 1.0.0 | 4.00 | 44.00 | 48.00 | NOTE | |
| r-patched-linux-x86_64 | 1.0.0 | 3.17 | 23.75 | 26.92 | NOTE | |
| r-release-linux-x86_64 | 1.0.0 | 3.23 | 23.69 | 26.92 | NOTE | |
| r-release-macos-arm64 | 1.0.0 | 2.00 | 24.00 | 26.00 | NOTE | |
| r-release-macos-x86_64 | 1.0.0 | 3.00 | 57.00 | 60.00 | NOTE | |
| r-release-windows-x86_64 | 1.0.0 | 5.00 | 44.00 | 49.00 | NOTE | |
| r-oldrel-macos-arm64 | 1.0.0 | 2.00 | 21.00 | 23.00 | NOTE | |
| r-oldrel-macos-x86_64 | 1.0.0 | 3.00 | 32.00 | 35.00 | NOTE | |
| r-oldrel-windows-x86_64 | 1.0.0 | 5.00 | 51.00 | 56.00 | NOTE | 
Version: 1.0.0
Check: CRAN incoming feasibility
Result: NOTE
  Maintainer: ‘The Tien Mai <t.t.mai@medisin.uio.no>’
  
  The Description field contains
    <arXiv:2103.11749>.
  Please refer to arXiv e-prints via their arXiv DOI <doi:10.48550/arXiv.YYMM.NNNNN>.
Flavors: r-devel-linux-x86_64-debian-clang, r-devel-linux-x86_64-debian-gcc
Version: 1.0.0
Check: Rd files
Result: NOTE
  checkRd: (-1) CI_mc.Rd:10: Lost braces; missing escapes or markup?
      10 | \item{i}{the row index of the interest entry X_{i,j}}
         |                                                ^
  checkRd: (-1) CI_mc.Rd:12: Lost braces; missing escapes or markup?
      12 | \item{j}{the row index of the interest entry X_{i,j}}
         |                                                ^
Flavors: r-devel-linux-x86_64-debian-clang, r-devel-linux-x86_64-debian-gcc, r-devel-linux-x86_64-fedora-clang, r-devel-linux-x86_64-fedora-gcc, r-devel-windows-x86_64, r-patched-linux-x86_64, r-release-linux-x86_64, r-release-macos-arm64, r-release-macos-x86_64, r-release-windows-x86_64, r-oldrel-macos-arm64, r-oldrel-macos-x86_64, r-oldrel-windows-x86_64
Version: 1.0.0
Check: dependencies in R code
Result: NOTE
  Namespace in Imports field not imported from: ‘softImpute’
    All declared Imports should be used.
Flavors: r-devel-linux-x86_64-fedora-clang, r-devel-linux-x86_64-fedora-gcc