Last updated on 2024-08-16 01:48:16 CEST.
Flavor | Version | Tinstall | Tcheck | Ttotal | Status | Flags |
---|---|---|---|---|---|---|
r-devel-linux-x86_64-debian-clang | 2.9-0 | 22.11 | 146.46 | 168.57 | NOTE | |
r-devel-linux-x86_64-debian-gcc | 2.9-0 | 15.55 | 99.50 | 115.05 | NOTE | |
r-devel-linux-x86_64-fedora-clang | 2.9-0 | 282.56 | OK | |||
r-devel-linux-x86_64-fedora-gcc | 2.9-0 | 283.49 | OK | |||
r-devel-windows-x86_64 | 2.9-0 | 27.00 | 171.00 | 198.00 | NOTE | |
r-patched-linux-x86_64 | 2.9-0 | 28.18 | 136.83 | 165.01 | OK | |
r-release-linux-x86_64 | 2.9-0 | 22.12 | 137.45 | 159.57 | OK | |
r-release-macos-arm64 | 2.9-0 | 80.00 | OK | |||
r-release-macos-x86_64 | 2.9-0 | 121.00 | OK | |||
r-release-windows-x86_64 | 2.9-0 | 31.00 | 173.00 | 204.00 | OK | |
r-oldrel-macos-arm64 | 2.9-0 | 99.00 | OK | |||
r-oldrel-macos-x86_64 | 2.9-0 | 160.00 | OK | |||
r-oldrel-windows-x86_64 | 2.9-0 | 37.00 | 214.00 | 251.00 | OK |
Version: 2.9-0
Check: Rd cross-references
Result: NOTE
Found the following Rd file(s) with Rd \link{} targets missing package
anchors:
DEnvelope.Rd: envelope
Dhat.Rd: fv.object, plot.fv, Kest, Kcross
FillEnvelope.Rd: fv.object, envelope
GlobalEnvelope.Rd: fv.object
GoFtest.Rd: envelope
KEnvelope.Rd: envelope
KdEnvelope.Rd: envelope
Kdhat.Rd: fv.object, plot.fv
Khat.Rd: fv.object, plot.fv, Kest, Kcross
KinhomEnvelope.Rd: density.ppp, envelope
Kinhomhat.Rd: density.ppp, bw.diggle, fv.object, plot.fv, Kinhom
KmmEnvelope.Rd: envelope
Kmmhat.Rd: fv.object, plot.fv, markcorrint
Ktest.Rd: ppp.object, is.rectangle
LEnvelope.Rd: envelope
Lhat.Rd: fv.object, plot.fv
LmmEnvelope.Rd: envelope
Lmmhat.Rd: fv.object, plot.fv
MEnvelope.Rd: envelope
Mhat.Rd: fv.object, plot.fv
Smooth.wmppp.Rd: fv.object, Smooth.ppp, bw.scott
as.Dtable.Rd: ppp
as.wmppp.Rd: owin.object, ppp, ppp.object
autoplot.Rd: ggplot
dbmssEnvelope.Rd: envelope
envelope.Dtable.Rd: envelope
gEnvelope.Rd: envelope
generic.spatstat.Rd: ppp.object, rthin, sharpen.ppp, split.ppp,
superimpose.ppp, unique.ppp
ghat.Rd: sewpcf, fv.object, plot.fv
m_Envelope.Rd: envelope
m_hat.Rd: fv.object, plot.fv
paracou16.Rd: ppp.object
print.dbmssEnvelope.Rd: envelope
rPopulationIndependenceK.Rd: rshift
rRandomPositionK.Rd: runifpoint, rpoispp
summary.dbmssEnvelope.Rd: envelope
wmppp.Rd: owin.object
wmppp.object.Rd: ppp, ppp.object
Please provide package anchors for all Rd \link{} targets not in the
package itself and the base packages.
Flavors: r-devel-linux-x86_64-debian-clang, r-devel-linux-x86_64-debian-gcc, r-devel-windows-x86_64