Last updated on 2024-08-16 01:48:16 CEST.
Flavor | Version | Tinstall | Tcheck | Ttotal | Status | Flags |
---|---|---|---|---|---|---|
r-devel-linux-x86_64-debian-clang | 0.1.6 | 44.47 | 45.76 | 90.23 | NOTE | |
r-devel-linux-x86_64-debian-gcc | 0.1.6 | 31.30 | 33.27 | 64.57 | NOTE | |
r-devel-linux-x86_64-fedora-clang | 0.1.6 | 164.88 | NOTE | |||
r-devel-linux-x86_64-fedora-gcc | 0.1.6 | 169.14 | NOTE | |||
r-devel-windows-x86_64 | 0.1.6 | 49.00 | 78.00 | 127.00 | NOTE | |
r-patched-linux-x86_64 | 0.1.6 | 45.11 | 43.37 | 88.48 | NOTE | |
r-release-linux-x86_64 | 0.1.6 | 42.04 | 43.29 | 85.33 | NOTE | |
r-release-macos-arm64 | 0.1.6 | 39.00 | NOTE | |||
r-release-macos-x86_64 | 0.1.6 | 53.00 | NOTE | |||
r-release-windows-x86_64 | 0.1.6 | 48.00 | 81.00 | 129.00 | NOTE | |
r-oldrel-macos-arm64 | 0.1.6 | 43.00 | NOTE | |||
r-oldrel-macos-x86_64 | 0.1.6 | 75.00 | NOTE | |||
r-oldrel-windows-x86_64 | 0.1.6 | 60.00 | 95.00 | 155.00 | NOTE |
Version: 0.1.6
Check: C++ specification
Result: NOTE
Specified C++11: please drop specification unless essential
Flavors: r-devel-linux-x86_64-debian-clang, r-devel-linux-x86_64-debian-gcc, r-devel-linux-x86_64-fedora-clang, r-devel-linux-x86_64-fedora-gcc, r-devel-windows-x86_64, r-patched-linux-x86_64, r-release-linux-x86_64, r-release-macos-arm64, r-release-macos-x86_64, r-release-windows-x86_64, r-oldrel-macos-arm64, r-oldrel-macos-x86_64, r-oldrel-windows-x86_64