Last updated on 2025-02-10 02:49:50 CET.
Flavor | Version | Tinstall | Tcheck | Ttotal | Status | Flags |
---|---|---|---|---|---|---|
r-devel-linux-x86_64-debian-clang | 0.3.0 | 34.68 | 65.39 | 100.07 | NOTE | |
r-devel-linux-x86_64-debian-gcc | 0.3.0 | 29.83 | 46.14 | 75.97 | NOTE | |
r-devel-linux-x86_64-fedora-clang | 0.3.0 | 184.03 | OK | |||
r-devel-linux-x86_64-fedora-gcc | 0.3.0 | 177.32 | OK | |||
r-devel-windows-x86_64 | 0.3.0 | 39.00 | 105.00 | 144.00 | NOTE | |
r-patched-linux-x86_64 | 0.3.0 | 45.01 | 61.24 | 106.25 | NOTE | |
r-release-linux-x86_64 | 0.3.0 | 39.87 | 58.94 | 98.81 | NOTE | |
r-release-macos-arm64 | 0.3.0 | 43.00 | NOTE | |||
r-release-macos-x86_64 | 0.3.0 | 63.00 | NOTE | |||
r-release-windows-x86_64 | 0.3.0 | 38.00 | 102.00 | 140.00 | NOTE | |
r-oldrel-macos-arm64 | 0.3.0 | 50.00 | NOTE | |||
r-oldrel-macos-x86_64 | 0.3.0 | 82.00 | NOTE | |||
r-oldrel-windows-x86_64 | 0.3.0 | 48.00 | 123.00 | 171.00 | NOTE |
Version: 0.3.0
Check: Rd cross-references
Result: NOTE
Found the following Rd file(s) with Rd \link{} targets missing package
anchors:
sim.dpp.modal.fast.Rd: spam
sim.dpp.modal.fast.seq.Rd: spam
Please provide package anchors for all Rd \link{} targets not in the
package itself and the base packages.
Flavors: r-devel-linux-x86_64-debian-clang, r-devel-linux-x86_64-debian-gcc, r-devel-windows-x86_64
Version: 0.3.0
Check: LazyData
Result: NOTE
'LazyData' is specified without a 'data' directory
Flavors: r-patched-linux-x86_64, r-release-linux-x86_64, r-release-macos-arm64, r-release-macos-x86_64, r-release-windows-x86_64, r-oldrel-macos-arm64, r-oldrel-macos-x86_64, r-oldrel-windows-x86_64