CRAN Package Check Results for Package dendroextras

Last updated on 2025-11-10 02:50:49 CET.

Flavor Version Tinstall Tcheck Ttotal Status Flags
r-devel-linux-x86_64-debian-clang 0.2.3 1.62 22.96 24.58 NOTE
r-devel-linux-x86_64-debian-gcc 0.2.3 1.33 19.02 20.35 NOTE
r-devel-linux-x86_64-fedora-clang 0.2.3 34.52 OK
r-devel-linux-x86_64-fedora-gcc 0.2.3 32.56 OK
r-devel-windows-x86_64 0.2.3 3.00 40.00 43.00 OK
r-patched-linux-x86_64 0.2.3 1.87 20.41 22.28 OK
r-release-linux-x86_64 0.2.3 1.76 20.55 22.31 OK
r-release-macos-arm64 0.2.3 1.00 19.00 20.00 OK
r-release-macos-x86_64 0.2.3 3.00 34.00 37.00 OK
r-release-windows-x86_64 0.2.3 3.00 40.00 43.00 OK
r-oldrel-macos-arm64 0.2.3 1.00 19.00 20.00 OK
r-oldrel-macos-x86_64 0.2.3 2.00 20.00 22.00 OK
r-oldrel-windows-x86_64 0.2.3 3.00 46.00 49.00 OK

Check Details

Version: 0.2.3
Check: CRAN incoming feasibility
Result: NOTE Maintainer: ‘Gregory Jefferis <jefferis@gmail.com>’ Found the following \keyword or \concept entries which likely give several index terms: File ‘dendroextras-package.Rd’: \keyword{package,} Flavors: r-devel-linux-x86_64-debian-clang, r-devel-linux-x86_64-debian-gcc