Last updated on 2024-07-27 01:53:09 CEST.
Flavor | Version | Tinstall | Tcheck | Ttotal | Status | Flags |
---|---|---|---|---|---|---|
r-devel-linux-x86_64-debian-clang | 1.5.4 | 2.81 | 33.04 | 35.85 | OK | |
r-devel-linux-x86_64-debian-gcc | 1.5.4 | 2.45 | 25.56 | 28.01 | NOTE | |
r-devel-linux-x86_64-fedora-clang | 1.5.4 | 46.31 | OK | |||
r-devel-linux-x86_64-fedora-gcc | 1.5.4 | 57.50 | OK | |||
r-devel-windows-x86_64 | 1.5.4 | 3.00 | 50.00 | 53.00 | NOTE | |
r-patched-linux-x86_64 | 1.5.4 | OK | ||||
r-release-linux-x86_64 | 1.5.4 | 2.79 | 31.08 | 33.87 | OK | |
r-release-macos-arm64 | 1.5.4 | 22.00 | OK | |||
r-release-macos-x86_64 | 1.5.4 | 31.00 | OK | |||
r-release-windows-x86_64 | 1.5.4 | 3.00 | 50.00 | 53.00 | OK | |
r-oldrel-macos-arm64 | 1.5.4 | 23.00 | OK | |||
r-oldrel-macos-x86_64 | 1.5.4 | 34.00 | OK | |||
r-oldrel-windows-x86_64 | 1.5.4 | 4.00 | 52.00 | 56.00 | OK |
Version: 1.5.4
Check: Rd cross-references
Result: NOTE
Found the following Rd file(s) with Rd \link{} targets missing package
anchors:
densregion.Rd: contourplot, levelplot
densregion.survfit.Rd: survfit
denstrip.Rd: trellis.par.get
denstrip.legend.Rd: trellis.par.get
Please provide package anchors for all Rd \link{} targets not in the
package itself and the base packages.
Flavors: r-devel-linux-x86_64-debian-gcc, r-devel-windows-x86_64