Last updated on 2025-05-11 01:49:32 CEST.
Flavor | Version | Tinstall | Tcheck | Ttotal | Status | Flags |
---|---|---|---|---|---|---|
r-devel-linux-x86_64-debian-clang | 0.2.0 | 1.60 | 19.35 | 20.95 | OK | |
r-devel-linux-x86_64-debian-gcc | 0.2.0 | 1.38 | 15.99 | 17.37 | OK | |
r-devel-linux-x86_64-fedora-clang | 0.2.0 | 30.11 | OK | |||
r-devel-linux-x86_64-fedora-gcc | 0.2.0 | 29.23 | OK | |||
r-devel-windows-x86_64 | 0.2.0 | 3.00 | 38.00 | 41.00 | OK | |
r-patched-linux-x86_64 | 0.2.0 | 1.52 | 17.09 | 18.61 | OK | |
r-release-linux-x86_64 | 0.2.0 | 1.46 | 17.10 | 18.56 | OK | |
r-release-macos-arm64 | 0.2.0 | 16.00 | OK | |||
r-release-macos-x86_64 | 0.2.0 | 23.00 | OK | |||
r-release-windows-x86_64 | 0.2.0 | 2.00 | 40.00 | 42.00 | OK | |
r-oldrel-macos-arm64 | 0.2.0 | 15.00 | NOTE | |||
r-oldrel-macos-x86_64 | 0.2.0 | 22.00 | NOTE | |||
r-oldrel-windows-x86_64 | 0.2.0 | 3.00 | 42.00 | 45.00 | NOTE |
Version: 0.2.0
Check: LazyData
Result: NOTE
'LazyData' is specified without a 'data' directory
Flavors: r-oldrel-macos-arm64, r-oldrel-macos-x86_64, r-oldrel-windows-x86_64