Last updated on 2024-08-16 01:48:16 CEST.
Flavor | Version | Tinstall | Tcheck | Ttotal | Status | Flags |
---|---|---|---|---|---|---|
r-devel-linux-x86_64-debian-clang | 0.9.6 | 18.62 | 84.35 | 102.97 | NOTE | |
r-devel-linux-x86_64-debian-gcc | 0.9.6 | 16.06 | 59.07 | 75.13 | NOTE | |
r-devel-linux-x86_64-fedora-clang | 0.9.6 | 174.84 | NOTE | |||
r-devel-linux-x86_64-fedora-gcc | 0.9.6 | 183.08 | NOTE | |||
r-devel-windows-x86_64 | 0.9.6 | 29.00 | 119.00 | 148.00 | NOTE | |
r-patched-linux-x86_64 | 0.9.6 | 23.45 | 78.52 | 101.97 | NOTE | |
r-release-linux-x86_64 | 0.9.6 | 21.35 | 79.05 | 100.40 | NOTE | |
r-release-macos-arm64 | 0.9.6 | 53.00 | NOTE | |||
r-release-macos-x86_64 | 0.9.6 | 94.00 | NOTE | |||
r-release-windows-x86_64 | 0.9.6 | 30.00 | 120.00 | 150.00 | NOTE | |
r-oldrel-macos-arm64 | 0.9.6 | 57.00 | NOTE | |||
r-oldrel-macos-x86_64 | 0.9.6 | 100.00 | NOTE | |||
r-oldrel-windows-x86_64 | 0.9.6 | 36.00 | 141.00 | 177.00 | NOTE |
Version: 0.9.6
Check: LazyData
Result: NOTE
'LazyData' is specified without a 'data' directory
Flavors: r-devel-linux-x86_64-debian-clang, r-devel-linux-x86_64-debian-gcc, r-devel-linux-x86_64-fedora-clang, r-devel-linux-x86_64-fedora-gcc, r-devel-windows-x86_64, r-patched-linux-x86_64, r-release-linux-x86_64, r-release-macos-arm64, r-release-macos-x86_64, r-release-windows-x86_64, r-oldrel-macos-arm64, r-oldrel-macos-x86_64, r-oldrel-windows-x86_64
Version: 0.9.6
Check: installed package size
Result: NOTE
installed size is 5.2Mb
sub-directories of 1Mb or more:
extdata 2.1Mb
libs 2.3Mb
Flavors: r-release-macos-arm64, r-release-macos-x86_64, r-oldrel-macos-arm64, r-oldrel-macos-x86_64