Last updated on 2025-10-28 02:50:45 CET.
| Flavor | Version | Tinstall | Tcheck | Ttotal | Status | Flags |
|---|---|---|---|---|---|---|
| r-devel-linux-x86_64-debian-clang | 0.6.15 | 69.33 | 124.02 | 193.35 | OK | |
| r-devel-linux-x86_64-debian-gcc | 0.6.15 | 45.29 | 86.78 | 132.07 | ERROR | |
| r-devel-linux-x86_64-fedora-clang | 0.6.15 | 148.00 | 180.56 | 328.56 | OK | |
| r-devel-linux-x86_64-fedora-gcc | 0.6.15 | 164.00 | 161.15 | 325.15 | OK | |
| r-devel-windows-x86_64 | 0.6.15 | 100.00 | 136.00 | 236.00 | OK | |
| r-patched-linux-x86_64 | 0.6.15 | 65.72 | 116.60 | 182.32 | OK | |
| r-release-linux-x86_64 | 0.6.15 | 66.98 | 115.44 | 182.42 | OK | |
| r-release-macos-arm64 | 0.6.15 | 26.00 | 58.00 | 84.00 | OK | |
| r-release-macos-x86_64 | 0.6.15 | 24.00 | 110.00 | 134.00 | OK | |
| r-release-windows-x86_64 | 0.6.15 | 105.00 | 139.00 | 244.00 | OK | |
| r-oldrel-macos-arm64 | 0.6.15 | 14.00 | 37.00 | 51.00 | NOTE | |
| r-oldrel-macos-x86_64 | 0.6.15 | 13.00 | 63.00 | 76.00 | NOTE | |
| r-oldrel-windows-x86_64 | 0.6.15 | 123.00 | 172.00 | 295.00 | NOTE |
Version: 0.6.15
Check: examples
Result: ERROR
Running examples in ‘detrendr-Ex.R’ failed
The error most likely occurred in:
> base::assign(".ptime", proc.time(), pos = "CheckExEnv")
> ### Name: rtoboxes
> ### Title: Randomly place balls in boxes.
> ### Aliases: rtoboxes
>
> ### ** Examples
>
> rtoboxes(30, 7)
[1] 3 5 5 1 6 4 6
> rtoboxes(30, 7, capacities = c(rep(1, 3), rep(7, 4)))
[1] 1 1 1 7 7 7 6
> rtoboxes(30, 7,
+ capacities = c(rep(1, 3), rep(70, 4)),
+ weights = c(rep(0.1, 6), 1)
+ )
[1] 1 1 1 4 0 1 22
>
>
>
> base::assign(".dptime", (proc.time() - get(".ptime", pos = "CheckExEnv")), pos = "CheckExEnv")
> base::cat("rtoboxes", base::get(".format_ptime", pos = 'CheckExEnv')(get(".dptime", pos = "CheckExEnv")), "\n", file=base::get(".ExTimings", pos = 'CheckExEnv'), append=TRUE, sep="\t")
> ### * <FOOTER>
> ###
> cleanEx()
> options(digits = 7L)
> base::cat("Time elapsed: ", proc.time() - base::get("ptime", pos = 'CheckExEnv'),"\n")
Time elapsed: 0.625 0.033 0.78 0 0
> grDevices::dev.off()
null device
1
> ###
> ### Local variables: ***
> ### mode: outline-minor ***
> ### outline-regexp: "\\(> \\)?### [*]+" ***
> ### End: ***
> quit('no')
*** caught segfault ***
address 0xfffffffffffffff7, cause 'memory not mapped'
An irrecoverable exception occurred. R is aborting now ...
Segmentation fault
Flavor: r-devel-linux-x86_64-debian-gcc
Version: 0.6.15
Check: for GNU extensions in Makefiles
Result: NOTE
GNU make is a SystemRequirements.
Flavors: r-oldrel-macos-arm64, r-oldrel-macos-x86_64, r-oldrel-windows-x86_64