Last updated on 2024-08-16 01:48:16 CEST.
Flavor | Version | Tinstall | Tcheck | Ttotal | Status | Flags |
---|---|---|---|---|---|---|
r-devel-linux-x86_64-debian-clang | 1.3.0 | 7.13 | 77.88 | 85.01 | OK | |
r-devel-linux-x86_64-debian-gcc | 1.3.0 | 5.14 | 52.96 | 58.10 | OK | |
r-devel-linux-x86_64-fedora-clang | 1.3.0 | 136.31 | NOTE | |||
r-devel-linux-x86_64-fedora-gcc | 1.3.0 | 147.00 | OK | |||
r-devel-windows-x86_64 | 1.3.0 | 10.00 | 107.00 | 117.00 | OK | |
r-patched-linux-x86_64 | 1.3.0 | 8.48 | 73.71 | 82.19 | OK | |
r-release-linux-x86_64 | 1.3.0 | 6.96 | 73.39 | 80.35 | OK | |
r-release-macos-arm64 | 1.3.0 | 45.00 | OK | |||
r-release-macos-x86_64 | 1.3.0 | 109.00 | OK | |||
r-release-windows-x86_64 | 1.3.0 | 10.00 | 106.00 | 116.00 | OK | |
r-oldrel-macos-arm64 | 1.3.0 | 60.00 | ERROR | |||
r-oldrel-macos-x86_64 | 1.3.0 | 95.00 | ERROR | |||
r-oldrel-windows-x86_64 | 1.3.0 | 12.00 | 126.00 | 138.00 | OK |
Version: 1.3.0
Check: Rd cross-references
Result: NOTE
Undeclared package ‘embed’ in Rd xrefs
Flavor: r-devel-linux-x86_64-fedora-clang
Version: 1.3.0
Check: running R code from vignettes
Result: ERROR
Errors in running code in vignettes:
when running code in ‘dials.Rmd’
...
> cp_vals <- cart_mod$cptable[, "CP"]
> cp_vals <- cp_vals[cart_mod$cptable[, "nsplit"] >
+ 0]
> mtcars_cp <- cost_complexity() %>% value_set(cp_vals)
When sourcing ‘dials.R’:
Error: Some values are not valid: 0.0974840733898344 and 1e-06.
Execution halted
‘dials.Rmd’ using ‘UTF-8’... failed
Flavors: r-oldrel-macos-arm64, r-oldrel-macos-x86_64