Last updated on 2025-11-24 02:50:00 CET.
| Flavor | Version | Tinstall | Tcheck | Ttotal | Status | Flags |
|---|---|---|---|---|---|---|
| r-devel-linux-x86_64-debian-clang | 0.1.1 | 3.29 | 32.10 | 35.39 | NOTE | |
| r-devel-linux-x86_64-debian-gcc | 0.1.1 | 2.41 | 24.50 | 26.91 | NOTE | |
| r-devel-linux-x86_64-fedora-clang | 0.1.1 | 52.13 | NOTE | |||
| r-devel-linux-x86_64-fedora-gcc | 0.1.1 | 49.83 | NOTE | |||
| r-devel-windows-x86_64 | 0.1.1 | 7.00 | 46.00 | 53.00 | NOTE | |
| r-patched-linux-x86_64 | 0.1.1 | 3.18 | 29.34 | 32.52 | NOTE | |
| r-release-linux-x86_64 | 0.1.1 | 2.84 | 29.52 | 32.36 | NOTE | |
| r-release-macos-arm64 | 0.1.1 | NOTE | ||||
| r-release-macos-x86_64 | 0.1.1 | 4.00 | 32.00 | 36.00 | NOTE | |
| r-release-windows-x86_64 | 0.1.1 | 6.00 | 54.00 | 60.00 | NOTE | |
| r-oldrel-macos-arm64 | 0.1.1 | NOTE | ||||
| r-oldrel-macos-x86_64 | 0.1.1 | 3.00 | 25.00 | 28.00 | NOTE | |
| r-oldrel-windows-x86_64 | 0.1.1 | 7.00 | 60.00 | 67.00 | NOTE |
Version: 0.1.1
Check: Rd files
Result: NOTE
checkRd: (-1) define.Rd:16: Lost braces in \itemize; \value handles \item{}{} directly
checkRd: (-1) define.Rd:17-18: Lost braces in \itemize; \value handles \item{}{} directly
checkRd: (-1) define.Rd:19: Lost braces in \itemize; \value handles \item{}{} directly
checkRd: (-1) define.Rd:20: Lost braces in \itemize; \value handles \item{}{} directly
checkRd: (-1) define.Rd:21-22: Lost braces in \itemize; \value handles \item{}{} directly
checkRd: (-1) define.Rd:23-24: Lost braces in \itemize; \value handles \item{}{} directly
checkRd: (-1) define.Rd:25: Lost braces in \itemize; \value handles \item{}{} directly
checkRd: (-1) define.Rd:26: Lost braces in \itemize; \value handles \item{}{} directly
checkRd: (-1) define.Rd:27: Lost braces in \itemize; \value handles \item{}{} directly
checkRd: (-1) define.Rd:28: Lost braces in \itemize; \value handles \item{}{} directly
checkRd: (-1) define.Rd:29: Lost braces in \itemize; \value handles \item{}{} directly
Flavors: r-devel-linux-x86_64-debian-clang, r-devel-linux-x86_64-debian-gcc, r-devel-linux-x86_64-fedora-clang, r-devel-linux-x86_64-fedora-gcc, r-devel-windows-x86_64, r-patched-linux-x86_64, r-release-linux-x86_64, r-release-macos-arm64, r-release-macos-x86_64, r-release-windows-x86_64, r-oldrel-macos-arm64, r-oldrel-macos-x86_64, r-oldrel-windows-x86_64