Last updated on 2025-11-15 02:52:58 CET.
| Flavor | Version | Tinstall | Tcheck | Ttotal | Status | Flags |
|---|---|---|---|---|---|---|
| r-devel-linux-x86_64-debian-clang | 0.0.4 | 1.58 | 20.67 | 22.25 | NOTE | |
| r-devel-linux-x86_64-debian-gcc | 0.0.4 | 1.48 | 17.09 | 18.57 | ERROR | |
| r-devel-linux-x86_64-fedora-clang | 0.0.4 | 34.69 | ERROR | |||
| r-devel-linux-x86_64-fedora-gcc | 0.0.4 | 34.61 | ERROR | |||
| r-devel-windows-x86_64 | 0.0.4 | 5.00 | 40.00 | 45.00 | OK | |
| r-patched-linux-x86_64 | 0.0.4 | 1.43 | 19.67 | 21.10 | OK | |
| r-release-linux-x86_64 | 0.0.4 | 1.68 | 19.44 | 21.12 | OK | |
| r-release-macos-arm64 | 0.0.4 | 1.00 | 28.00 | 29.00 | OK | |
| r-release-macos-x86_64 | 0.0.4 | 2.00 | 41.00 | 43.00 | OK | |
| r-release-windows-x86_64 | 0.0.4 | 3.00 | 40.00 | 43.00 | OK | |
| r-oldrel-macos-arm64 | 0.0.4 | 1.00 | 20.00 | 21.00 | OK | |
| r-oldrel-macos-x86_64 | 0.0.4 | 1.00 | 30.00 | 31.00 | OK | |
| r-oldrel-windows-x86_64 | 0.0.4 | 3.00 | 45.00 | 48.00 | OK |
Version: 0.0.4
Check: CRAN incoming feasibility
Result: NOTE
Maintainer: ‘Jaime Ashander <jashander@ucdavis.edu>’
Package CITATION file contains call(s) to old-style personList() or
as.personList(). Please use c() on person objects instead.
Package CITATION file contains call(s) to old-style citEntry(). Please
use bibentry() instead.
Flavors: r-devel-linux-x86_64-debian-clang, r-devel-linux-x86_64-debian-gcc
Version: 0.0.4
Check: tests
Result: ERROR
Running ‘testthat.R’ [1s/1s]
Running the tests in ‘tests/testthat.R’ failed.
Complete output:
> library(testthat)
> library(digitize)
>
> test_check("digitize")
Saving _problems/test-reverse_compatible-38.R
Saving _problems/test-unit-15.R
[ FAIL 2 | WARN 0 | SKIP 0 | PASS 1 ]
══ Failed tests ════════════════════════════════════════════════════════════════
── Error ('test-reverse_compatible.r:32:13'): `digitize` gives same ────────────
<lifecycle_error_deprecated/defunctError/rlang_error/error/condition>
Error: `with_mock()` was deprecated in testthat 3.2.0 and is now defunct.
ℹ Please use `with_mocked_bindings()` instead.
Backtrace:
▆
1. └─testthat::with_mock(...) at test-reverse_compatible.r:32:13
2. └─lifecycle::deprecate_stop("3.2.0", "with_mock()", "with_mocked_bindings()")
3. └─lifecycle:::deprecate_stop0(msg)
4. └─rlang::cnd_signal(...)
── Error ('test-unit.r:9:13'): Digitize skips point input ──────────────────────
<lifecycle_error_deprecated/defunctError/rlang_error/error/condition>
Error: `with_mock()` was deprecated in testthat 3.2.0 and is now defunct.
ℹ Please use `with_mocked_bindings()` instead.
Backtrace:
▆
1. └─testthat::with_mock(...) at test-unit.r:9:13
2. └─lifecycle::deprecate_stop("3.2.0", "with_mock()", "with_mocked_bindings()")
3. └─lifecycle:::deprecate_stop0(msg)
4. └─rlang::cnd_signal(...)
[ FAIL 2 | WARN 0 | SKIP 0 | PASS 1 ]
Error:
! Test failures.
Execution halted
Flavor: r-devel-linux-x86_64-debian-gcc
Version: 0.0.4
Check: tests
Result: ERROR
Running ‘testthat.R’
Running the tests in ‘tests/testthat.R’ failed.
Complete output:
> library(testthat)
> library(digitize)
>
> test_check("digitize")
Saving _problems/test-reverse_compatible-38.R
Saving _problems/test-unit-15.R
[ FAIL 2 | WARN 0 | SKIP 0 | PASS 1 ]
══ Failed tests ════════════════════════════════════════════════════════════════
── Error ('test-reverse_compatible.r:32:13'): `digitize` gives same ────────────
<lifecycle_error_deprecated/defunctError/rlang_error/error/condition>
Error: `with_mock()` was deprecated in testthat 3.2.0 and is now defunct.
ℹ Please use `with_mocked_bindings()` instead.
Backtrace:
▆
1. └─testthat::with_mock(...) at test-reverse_compatible.r:32:13
2. └─lifecycle::deprecate_stop("3.2.0", "with_mock()", "with_mocked_bindings()")
3. └─lifecycle:::deprecate_stop0(msg)
4. └─rlang::cnd_signal(...)
── Error ('test-unit.r:9:13'): Digitize skips point input ──────────────────────
<lifecycle_error_deprecated/defunctError/rlang_error/error/condition>
Error: `with_mock()` was deprecated in testthat 3.2.0 and is now defunct.
ℹ Please use `with_mocked_bindings()` instead.
Backtrace:
▆
1. └─testthat::with_mock(...) at test-unit.r:9:13
2. └─lifecycle::deprecate_stop("3.2.0", "with_mock()", "with_mocked_bindings()")
3. └─lifecycle:::deprecate_stop0(msg)
4. └─rlang::cnd_signal(...)
[ FAIL 2 | WARN 0 | SKIP 0 | PASS 1 ]
Error:
! Test failures.
Execution halted
Flavors: r-devel-linux-x86_64-fedora-clang, r-devel-linux-x86_64-fedora-gcc