Last updated on 2024-08-16 01:48:16 CEST.
Flavor | Version | Tinstall | Tcheck | Ttotal | Status | Flags |
---|---|---|---|---|---|---|
r-devel-linux-x86_64-debian-clang | 0.2.6 | 20.20 | 214.77 | 234.97 | NOTE | |
r-devel-linux-x86_64-debian-gcc | 0.2.6 | 12.72 | 151.57 | 164.29 | NOTE | |
r-devel-linux-x86_64-fedora-clang | 0.2.6 | 372.29 | NOTE | |||
r-devel-linux-x86_64-fedora-gcc | 0.2.6 | 383.51 | NOTE | |||
r-devel-windows-x86_64 | 0.2.6 | 19.00 | 248.00 | 267.00 | NOTE | |
r-patched-linux-x86_64 | 0.2.6 | 19.68 | 202.54 | 222.22 | NOTE | |
r-release-linux-x86_64 | 0.2.6 | 16.37 | 202.35 | 218.72 | NOTE | |
r-release-macos-arm64 | 0.2.6 | 100.00 | NOTE | |||
r-release-macos-x86_64 | 0.2.6 | 149.00 | NOTE | |||
r-release-windows-x86_64 | 0.2.6 | 19.00 | 248.00 | 267.00 | NOTE | |
r-oldrel-macos-arm64 | 0.2.6 | 114.00 | OK | |||
r-oldrel-macos-x86_64 | 0.2.6 | 207.00 | OK | |||
r-oldrel-windows-x86_64 | 0.2.6 | 24.00 | 299.00 | 323.00 | OK |
Version: 0.2.6
Check: package dependencies
Result: NOTE
Package suggested but not available for checking: ‘loe’
Flavors: r-devel-linux-x86_64-debian-clang, r-devel-linux-x86_64-debian-gcc, r-devel-linux-x86_64-fedora-clang, r-devel-linux-x86_64-fedora-gcc, r-patched-linux-x86_64, r-release-linux-x86_64
Version: 0.2.6
Check: Rd files
Result: NOTE
checkRd: (-1) DRR-class.Rd:79: Lost braces; missing escapes or markup?
79 | n^{1/3} up to sacrificing some accuracy, for details see
| ^
Flavors: r-devel-linux-x86_64-debian-clang, r-devel-linux-x86_64-debian-gcc, r-devel-linux-x86_64-fedora-clang, r-devel-linux-x86_64-fedora-gcc, r-devel-windows-x86_64, r-patched-linux-x86_64, r-release-linux-x86_64, r-release-macos-arm64, r-release-macos-x86_64, r-release-windows-x86_64
Version: 0.2.6
Check: Rd cross-references
Result: NOTE
Unknown package ‘loe’ in Rd xrefs
Flavors: r-devel-linux-x86_64-debian-clang, r-devel-linux-x86_64-debian-gcc, r-devel-linux-x86_64-fedora-gcc, r-patched-linux-x86_64, r-release-linux-x86_64
Version: 0.2.6
Check: Rd cross-references
Result: NOTE
Undeclared package ‘CVST’ in Rd xrefs
Unknown package ‘loe’ in Rd xrefs
Flavor: r-devel-linux-x86_64-fedora-clang
Version: 0.2.6
Check: Rd cross-references
Result: NOTE
Package unavailable to check Rd xrefs: ‘diffusionMap’
Flavor: r-release-macos-arm64