Last updated on 2024-08-16 01:48:16 CEST.
Flavor | Version | Tinstall | Tcheck | Ttotal | Status | Flags |
---|---|---|---|---|---|---|
r-devel-linux-x86_64-debian-clang | 0.2.1 | 10.02 | 158.80 | 168.82 | NOTE | |
r-devel-linux-x86_64-debian-gcc | 0.2.1 | 7.31 | 110.48 | 117.79 | NOTE | |
r-devel-linux-x86_64-fedora-clang | 0.2.1 | 272.54 | NOTE | |||
r-devel-linux-x86_64-fedora-gcc | 0.2.1 | 272.59 | NOTE | |||
r-devel-windows-x86_64 | 0.2.1 | 16.00 | 200.00 | 216.00 | NOTE | |
r-patched-linux-x86_64 | 0.2.1 | 17.16 | 148.22 | 165.38 | NOTE | |
r-release-linux-x86_64 | 0.2.1 | 8.55 | 149.45 | 158.00 | NOTE | |
r-release-macos-arm64 | 0.2.1 | 80.00 | NOTE | |||
r-release-macos-x86_64 | 0.2.1 | 144.00 | NOTE | |||
r-release-windows-x86_64 | 0.2.1 | 17.00 | 199.00 | 216.00 | NOTE | |
r-oldrel-macos-arm64 | 0.2.1 | 86.00 | OK | |||
r-oldrel-macos-x86_64 | 0.2.1 | 127.00 | OK | |||
r-oldrel-windows-x86_64 | 0.2.1 | 19.00 | 240.00 | 259.00 | OK |
Version: 0.2.1
Check: Rd files
Result: NOTE
checkRd: (-1) Exponential.Rd:31: Lost braces
31 | \strong{Support}: {x in [0, \eqn{\infty})}
| ^
Flavors: r-devel-linux-x86_64-debian-clang, r-devel-linux-x86_64-debian-gcc, r-devel-linux-x86_64-fedora-clang, r-devel-linux-x86_64-fedora-gcc, r-devel-windows-x86_64, r-patched-linux-x86_64, r-release-linux-x86_64, r-release-macos-arm64, r-release-macos-x86_64, r-release-windows-x86_64