Last updated on 2024-08-16 01:48:16 CEST.
Flavor | Version | Tinstall | Tcheck | Ttotal | Status | Flags |
---|---|---|---|---|---|---|
r-devel-linux-x86_64-debian-clang | 0.1.0 | 2.91 | 28.81 | 31.72 | NOTE | |
r-devel-linux-x86_64-debian-gcc | 0.1.0 | 2.10 | 20.63 | 22.73 | NOTE | |
r-devel-linux-x86_64-fedora-clang | 0.1.0 | 50.68 | OK | |||
r-devel-linux-x86_64-fedora-gcc | 0.1.0 | 60.56 | OK | |||
r-devel-windows-x86_64 | 0.1.0 | 6.00 | 51.00 | 57.00 | NOTE | |
r-patched-linux-x86_64 | 0.1.0 | 6.12 | 27.13 | 33.25 | OK | |
r-release-linux-x86_64 | 0.1.0 | 2.47 | 27.34 | 29.81 | OK | |
r-release-macos-arm64 | 0.1.0 | 26.00 | OK | |||
r-release-macos-x86_64 | 0.1.0 | 38.00 | OK | |||
r-release-windows-x86_64 | 0.1.0 | 8.00 | 49.00 | 57.00 | OK | |
r-oldrel-macos-arm64 | 0.1.0 | 26.00 | OK | |||
r-oldrel-macos-x86_64 | 0.1.0 | 42.00 | OK | |||
r-oldrel-windows-x86_64 | 0.1.0 | 8.00 | 56.00 | 64.00 | OK |
Version: 0.1.0
Check: Rd cross-references
Result: NOTE
Found the following Rd file(s) with Rd \link{} targets missing package
anchors:
tractography.Rd: rgl
Please provide package anchors for all Rd \link{} targets not in the
package itself and the base packages.
Flavors: r-devel-linux-x86_64-debian-clang, r-devel-linux-x86_64-debian-gcc, r-devel-windows-x86_64