Last updated on 2024-08-16 01:48:16 CEST.
Flavor | Version | Tinstall | Tcheck | Ttotal | Status | Flags |
---|---|---|---|---|---|---|
r-devel-linux-x86_64-debian-clang | 2.2.0 | 52.39 | 552.36 | 604.75 | NOTE | |
r-devel-linux-x86_64-debian-gcc | 2.2.0 | 39.62 | 393.97 | 433.59 | NOTE | |
r-devel-linux-x86_64-fedora-clang | 2.2.0 | 960.80 | OK | |||
r-devel-linux-x86_64-fedora-gcc | 2.2.0 | 921.44 | OK | |||
r-devel-windows-x86_64 | 2.2.0 | 49.00 | 562.00 | 611.00 | NOTE | |
r-patched-linux-x86_64 | 2.2.0 | 55.63 | 516.62 | 572.25 | OK | |
r-release-linux-x86_64 | 2.2.0 | 45.45 | 525.92 | 571.37 | OK | |
r-release-macos-arm64 | 2.2.0 | 282.00 | OK | |||
r-release-macos-x86_64 | 2.2.0 | 379.00 | NOTE | |||
r-release-windows-x86_64 | 2.2.0 | 50.00 | 563.00 | 613.00 | OK | |
r-oldrel-macos-arm64 | 2.2.0 | 270.00 | NOTE | |||
r-oldrel-macos-x86_64 | 2.2.0 | 489.00 | NOTE | |||
r-oldrel-windows-x86_64 | 2.2.0 | 71.00 | 707.00 | 778.00 | NOTE |
Version: 2.2.0
Check: Rd cross-references
Result: NOTE
Found the following Rd file(s) with Rd \link{} targets missing package
anchors:
correlationTest.Rd: phylo
Please provide package anchors for all Rd \link{} targets not in the
package itself and the base packages.
Flavors: r-devel-linux-x86_64-debian-clang, r-devel-linux-x86_64-debian-gcc, r-devel-windows-x86_64
Version: 2.2.0
Check: package dependencies
Result: NOTE
Package suggested but not available for checking: ‘pwalign’
Flavors: r-release-macos-x86_64, r-oldrel-macos-arm64, r-oldrel-macos-x86_64, r-oldrel-windows-x86_64