Last updated on 2024-08-16 01:48:16 CEST.
Flavor | Version | Tinstall | Tcheck | Ttotal | Status | Flags |
---|---|---|---|---|---|---|
r-devel-linux-x86_64-debian-clang | 0.3.1 | 2.85 | 30.57 | 33.42 | NOTE | |
r-devel-linux-x86_64-debian-gcc | 0.3.1 | 2.47 | 23.08 | 25.55 | NOTE | |
r-devel-linux-x86_64-fedora-clang | 0.3.1 | 52.75 | NOTE | |||
r-devel-linux-x86_64-fedora-gcc | 0.3.1 | 50.06 | NOTE | |||
r-devel-windows-x86_64 | 0.3.1 | 6.00 | 50.00 | 56.00 | NOTE | |
r-patched-linux-x86_64 | 0.3.1 | 2.73 | 28.47 | 31.20 | NOTE | |
r-release-linux-x86_64 | 0.3.1 | 3.34 | 28.95 | 32.29 | NOTE | |
r-release-macos-arm64 | 0.3.1 | 21.00 | NOTE | |||
r-release-macos-x86_64 | 0.3.1 | 29.00 | NOTE | |||
r-release-windows-x86_64 | 0.3.1 | 6.00 | 50.00 | 56.00 | NOTE | |
r-oldrel-macos-arm64 | 0.3.1 | 21.00 | NOTE | |||
r-oldrel-macos-x86_64 | 0.3.1 | 32.00 | NOTE | |||
r-oldrel-windows-x86_64 | 0.3.1 | 6.00 | 55.00 | 61.00 | NOTE |
Version: 0.3.1
Check: LazyData
Result: NOTE
'LazyData' is specified without a 'data' directory
Flavors: r-devel-linux-x86_64-debian-clang, r-devel-linux-x86_64-debian-gcc, r-devel-linux-x86_64-fedora-clang, r-devel-linux-x86_64-fedora-gcc, r-devel-windows-x86_64, r-patched-linux-x86_64, r-release-linux-x86_64, r-release-macos-arm64, r-release-macos-x86_64, r-release-windows-x86_64, r-oldrel-macos-arm64, r-oldrel-macos-x86_64, r-oldrel-windows-x86_64