Last updated on 2024-08-16 01:48:17 CEST.
Flavor | Version | Tinstall | Tcheck | Ttotal | Status | Flags |
---|---|---|---|---|---|---|
r-devel-linux-x86_64-debian-clang | 1.5.2 | 54.11 | 585.25 | 639.36 | NOTE | |
r-devel-linux-x86_64-debian-gcc | 1.5.2 | 38.87 | 439.35 | 478.22 | NOTE | |
r-devel-linux-x86_64-fedora-clang | 1.5.2 | 886.64 | NOTE | |||
r-devel-linux-x86_64-fedora-gcc | 1.5.2 | 1106.85 | NOTE | |||
r-devel-windows-x86_64 | 1.5.2 | 52.00 | 500.00 | 552.00 | NOTE | |
r-patched-linux-x86_64 | 1.5.2 | 53.12 | 592.18 | 645.30 | NOTE | |
r-release-linux-x86_64 | 1.5.2 | 48.66 | 599.53 | 648.19 | NOTE | |
r-release-macos-arm64 | 1.5.2 | 267.00 | NOTE | |||
r-release-macos-x86_64 | 1.5.2 | 718.00 | NOTE | |||
r-release-windows-x86_64 | 1.5.2 | 51.00 | 501.00 | 552.00 | NOTE | |
r-oldrel-macos-arm64 | 1.5.2 | 388.00 | NOTE | |||
r-oldrel-macos-x86_64 | 1.5.2 | 1065.00 | NOTE | |||
r-oldrel-windows-x86_64 | 1.5.2 | 64.00 | 656.00 | 720.00 | NOTE |
Version: 1.5.2
Check: package dependencies
Result: NOTE
Package suggested but not available for checking: ‘cmdstanr’
Flavors: r-devel-linux-x86_64-debian-clang, r-devel-linux-x86_64-debian-gcc, r-devel-linux-x86_64-fedora-clang, r-devel-linux-x86_64-fedora-gcc, r-devel-windows-x86_64, r-patched-linux-x86_64, r-release-linux-x86_64, r-release-macos-arm64, r-release-macos-x86_64, r-release-windows-x86_64, r-oldrel-macos-arm64, r-oldrel-macos-x86_64, r-oldrel-windows-x86_64
Version: 1.5.2
Check: Rd cross-references
Result: NOTE
Package unavailable to check Rd xrefs: ‘cmdstanr’
Flavors: r-devel-linux-x86_64-debian-clang, r-devel-linux-x86_64-debian-gcc, r-devel-linux-x86_64-fedora-clang, r-devel-linux-x86_64-fedora-gcc, r-devel-windows-x86_64, r-patched-linux-x86_64, r-release-linux-x86_64, r-release-macos-arm64, r-release-macos-x86_64, r-release-windows-x86_64, r-oldrel-macos-arm64, r-oldrel-macos-x86_64, r-oldrel-windows-x86_64
Version: 1.5.2
Check: installed package size
Result: NOTE
installed size is 13.4Mb
sub-directories of 1Mb or more:
R 3.5Mb
data 9.3Mb
Flavors: r-devel-linux-x86_64-fedora-clang, r-devel-windows-x86_64, r-release-macos-arm64, r-release-macos-x86_64, r-release-windows-x86_64, r-oldrel-macos-arm64, r-oldrel-macos-x86_64, r-oldrel-windows-x86_64