Last updated on 2024-05-11 01:50:35 CEST.
Flavor | Version | Tinstall | Tcheck | Ttotal | Status | Flags |
---|---|---|---|---|---|---|
r-devel-linux-x86_64-debian-clang | 1.0.0 | 5.61 | 89.31 | 94.92 | NOTE | |
r-devel-linux-x86_64-debian-gcc | 1.0.0 | 3.86 | 65.22 | 69.08 | NOTE | |
r-devel-linux-x86_64-fedora-clang | 1.0.0 | 124.64 | NOTE | |||
r-devel-linux-x86_64-fedora-gcc | 1.0.0 | 134.03 | NOTE | |||
r-devel-windows-x86_64 | 1.0.0 | 5.00 | 134.00 | 139.00 | NOTE | |
r-patched-linux-x86_64 | 1.0.0 | 4.80 | 82.59 | 87.39 | NOTE | |
r-release-linux-x86_64 | 1.0.0 | 5.06 | 82.39 | 87.45 | NOTE | |
r-release-macos-arm64 | 1.0.0 | 51.00 | NOTE | |||
r-release-windows-x86_64 | 1.0.0 | 5.00 | 134.00 | 139.00 | NOTE | |
r-oldrel-macos-arm64 | 1.0.0 | 49.00 | NOTE | |||
r-oldrel-macos-x86_64 | 1.0.0 | 108.00 | NOTE | |||
r-oldrel-windows-x86_64 | 1.0.0 | 7.00 | 130.00 | 137.00 | NOTE |
Version: 1.0.0
Check: LazyData
Result: NOTE
'LazyData' is specified without a 'data' directory
Flavors: r-devel-linux-x86_64-debian-clang, r-devel-linux-x86_64-debian-gcc, r-devel-linux-x86_64-fedora-clang, r-devel-linux-x86_64-fedora-gcc, r-devel-windows-x86_64, r-patched-linux-x86_64, r-release-linux-x86_64, r-release-macos-arm64, r-release-windows-x86_64, r-oldrel-macos-arm64, r-oldrel-macos-x86_64, r-oldrel-windows-x86_64