Last updated on 2025-11-16 01:49:13 CET.
| Flavor | Version | Tinstall | Tcheck | Ttotal | Status | Flags |
|---|---|---|---|---|---|---|
| r-devel-linux-x86_64-debian-clang | 6.0 | 9.91 | 78.01 | 87.92 | NOTE | |
| r-devel-linux-x86_64-debian-gcc | 6.0 | 6.84 | 56.78 | 63.62 | NOTE | |
| r-devel-linux-x86_64-fedora-clang | 6.0 | 46.00 | 101.77 | 147.77 | OK | |
| r-devel-linux-x86_64-fedora-gcc | 6.0 | 21.00 | 108.13 | 129.13 | OK | |
| r-devel-windows-x86_64 | 6.0 | 13.00 | 78.00 | 91.00 | OK | |
| r-patched-linux-x86_64 | 6.0 | 9.13 | 74.37 | 83.50 | OK | |
| r-release-linux-x86_64 | 6.0 | 9.01 | 74.92 | 83.93 | OK | |
| r-release-macos-arm64 | 6.0 | 5.00 | 36.00 | 41.00 | OK | |
| r-release-macos-x86_64 | 6.0 | 10.00 | 72.00 | 82.00 | OK | |
| r-release-windows-x86_64 | 6.0 | 10.00 | 80.00 | 90.00 | OK | |
| r-oldrel-macos-arm64 | 6.0 | 4.00 | 35.00 | 39.00 | OK | |
| r-oldrel-macos-x86_64 | 6.0 | 7.00 | 50.00 | 57.00 | OK | |
| r-oldrel-windows-x86_64 | 6.0 | 15.00 | 97.00 | 112.00 | OK |
Version: 6.0
Check: CRAN incoming feasibility
Result: NOTE
Maintainer: ‘Zhicheng Du<dgdzc@hotmail.com>’
No Authors@R field in DESCRIPTION.
Please add one, modifying
Authors@R: c(person(given = "Zhicheng",
family = "Du",
role = c("aut", "cre"),
email = "dgdzc@hotmail.com"),
person(given = "Yuantao",
family = "Hao",
role = "aut"))
as necessary.
Flavors: r-devel-linux-x86_64-debian-clang, r-devel-linux-x86_64-debian-gcc