Last updated on 2024-07-27 01:53:10 CEST.
Flavor | Version | Tinstall | Tcheck | Ttotal | Status | Flags |
---|---|---|---|---|---|---|
r-devel-linux-x86_64-debian-clang | 1.0.7 | 15.52 | 164.83 | 180.35 | OK | |
r-devel-linux-x86_64-debian-gcc | 1.0.7 | 10.87 | 125.57 | 136.44 | NOTE | |
r-devel-linux-x86_64-fedora-clang | 1.0.7 | 236.32 | OK | |||
r-devel-linux-x86_64-fedora-gcc | 1.0.7 | 226.53 | OK | |||
r-devel-windows-x86_64 | 1.0.7 | 12.00 | 133.00 | 145.00 | NOTE | |
r-patched-linux-x86_64 | 1.0.7 | OK | ||||
r-release-linux-x86_64 | 1.0.7 | 7.74 | 164.75 | 172.49 | OK | |
r-release-macos-arm64 | 1.0.7 | 66.00 | OK | |||
r-release-macos-x86_64 | 1.0.7 | 103.00 | OK | |||
r-release-windows-x86_64 | 1.0.7 | 11.00 | 131.00 | 142.00 | OK | |
r-oldrel-macos-arm64 | 1.0.7 | 70.00 | OK | |||
r-oldrel-macos-x86_64 | 1.0.7 | 118.00 | OK | |||
r-oldrel-windows-x86_64 | 1.0.7 | 16.00 | 162.00 | 178.00 | OK |
Version: 1.0.7
Check: Rd cross-references
Result: NOTE
Found the following Rd file(s) with Rd \link{} targets missing package
anchors:
EasyData.Rd: SSBtoolsData
PTwrap.Rd: runArgusBatchFile, createArgusInput
ProtectTable.Rd: GaussSuppression, protectTable,
protect_linked_tables, primarySuppression, FindDimLists,
FindTableGroup, Stack, AutoSplit, runArgusBatchFile,
createArgusInput
ProtectTable1.Rd: FindTableGroup, protectTable,
protect_linked_tables, runArgusBatchFile, primarySuppression,
makeProblem, HierarchicalGroups, FactorLevCorr, FindDimLists,
FindCommonCells
Please provide package anchors for all Rd \link{} targets not in the
package itself and the base packages.
Flavors: r-devel-linux-x86_64-debian-gcc, r-devel-windows-x86_64