Last updated on 2024-08-16 01:48:17 CEST.
Flavor | Version | Tinstall | Tcheck | Ttotal | Status | Flags |
---|---|---|---|---|---|---|
r-devel-linux-x86_64-debian-clang | 1.1.1 | 5.68 | 44.68 | 50.36 | NOTE | |
r-devel-linux-x86_64-debian-gcc | 1.1.1 | 3.85 | 32.48 | 36.33 | NOTE | |
r-devel-linux-x86_64-fedora-clang | 1.1.1 | 79.19 | NOTE | |||
r-devel-linux-x86_64-fedora-gcc | 1.1.1 | 76.04 | NOTE | |||
r-devel-windows-x86_64 | 1.1.1 | 7.00 | 62.00 | 69.00 | NOTE | |
r-patched-linux-x86_64 | 1.1.1 | 10.14 | 41.40 | 51.54 | OK | |
r-release-linux-x86_64 | 1.1.1 | 5.43 | 42.21 | 47.64 | OK | |
r-release-macos-arm64 | 1.1.1 | 30.00 | OK | |||
r-release-macos-x86_64 | 1.1.1 | 57.00 | OK | |||
r-release-windows-x86_64 | 1.1.1 | 7.00 | 63.00 | 70.00 | OK | |
r-oldrel-macos-arm64 | 1.1.1 | 31.00 | OK | |||
r-oldrel-macos-x86_64 | 1.1.1 | 42.00 | OK | |||
r-oldrel-windows-x86_64 | 1.1.1 | 9.00 | 71.00 | 80.00 | OK |
Version: 1.1.1
Check: Rd cross-references
Result: NOTE
Found the following Rd file(s) with Rd \link{} targets missing package
anchors:
cens_margin_to.Rd: group_by, summarize
Please provide package anchors for all Rd \link{} targets not in the
package itself and the base packages.
Flavors: r-devel-linux-x86_64-debian-clang, r-devel-linux-x86_64-debian-gcc, r-devel-windows-x86_64
Version: 1.1.1
Check: data for non-ASCII characters
Result: NOTE
Note: found 10 marked UTF-8 strings
Flavors: r-devel-linux-x86_64-fedora-clang, r-devel-linux-x86_64-fedora-gcc