Last updated on 2025-10-31 01:48:56 CET.
| Flavor | Version | Tinstall | Tcheck | Ttotal | Status | Flags | 
|---|---|---|---|---|---|---|
| r-devel-linux-x86_64-debian-clang | 0.1.3 | 2.19 | 29.60 | 31.79 | OK | |
| r-devel-linux-x86_64-debian-gcc | 0.1.5 | 1.57 | 19.90 | 21.47 | OK | |
| r-devel-linux-x86_64-fedora-clang | 0.1.5 | 15.00 | 23.64 | 38.64 | OK | |
| r-devel-linux-x86_64-fedora-gcc | 0.1.5 | 36.14 | OK | |||
| r-devel-windows-x86_64 | 0.1.3 | 4.00 | 53.00 | 57.00 | OK | |
| r-patched-linux-x86_64 | 0.1.3 | 2.19 | 26.50 | 28.69 | OK | |
| r-release-linux-x86_64 | 0.1.3 | 2.29 | 24.53 | 26.82 | ERROR | |
| r-release-macos-arm64 | 0.1.5 | 1.00 | 16.00 | 17.00 | OK | |
| r-release-macos-x86_64 | 0.1.5 | 5.00 | 44.00 | 49.00 | OK | |
| r-release-windows-x86_64 | 0.1.3 | 4.00 | 52.00 | 56.00 | OK | |
| r-oldrel-macos-arm64 | 0.1.5 | 1.00 | 21.00 | 22.00 | OK | |
| r-oldrel-macos-x86_64 | 0.1.5 | 3.00 | 45.00 | 48.00 | OK | |
| r-oldrel-windows-x86_64 | 0.1.3 | 6.00 | 57.00 | 63.00 | OK | 
Version: 0.1.3
Check: re-building of vignette outputs
Result: ERROR
  Error(s) in re-building vignettes:
    ...
  --- re-building ‘introducing-educationdata.Rmd’ using rmarkdown
  
  Quitting from introducing-educationdata.Rmd:54-64 [usage-02]
  ~~~~~~~~~~~~~~~~~~~~~~~~~~~~~~~~~~~~~~~~~~~~~~~~~~~~~~~~~~~~~~~~~~~~~~~~~~~~~~~~
  <error/rlang_error>
  Error:
  ! API currently unavailable. Please try again later.
  ---
  Backtrace:
      ▆
   1. └─educationdata::get_education_data(...)
   2.   └─educationdata:::get_education_data_json(...)
   3.     └─educationdata:::validate_function_args(...)
   4.       └─educationdata:::get_endpoint_info(url_path)
  ~~~~~~~~~~~~~~~~~~~~~~~~~~~~~~~~~~~~~~~~~~~~~~~~~~~~~~~~~~~~~~~~~~~~~~~~~~~~~~~~
  
  Error: processing vignette 'introducing-educationdata.Rmd' failed with diagnostics:
  API currently unavailable. Please try again later.
  --- failed re-building ‘introducing-educationdata.Rmd’
  
  SUMMARY: processing the following file failed:
    ‘introducing-educationdata.Rmd’
  
  Error: Vignette re-building failed.
  Execution halted
Flavor: r-release-linux-x86_64