Last updated on 2024-08-16 01:48:17 CEST.
Flavor | Version | Tinstall | Tcheck | Ttotal | Status | Flags |
---|---|---|---|---|---|---|
r-devel-linux-x86_64-debian-clang | 0.1.2 | 10.86 | 92.75 | 103.61 | OK | |
r-devel-linux-x86_64-debian-gcc | 0.1.2 | 7.84 | 67.24 | 75.08 | OK | |
r-devel-linux-x86_64-fedora-clang | 0.1.2 | 187.09 | NOTE | |||
r-devel-linux-x86_64-fedora-gcc | 0.1.2 | 197.10 | NOTE | |||
r-devel-windows-x86_64 | 0.1.2 | 13.00 | 140.00 | 153.00 | OK | |
r-patched-linux-x86_64 | 0.1.2 | 11.60 | 89.29 | 100.89 | OK | |
r-release-linux-x86_64 | 0.1.2 | 11.25 | 89.70 | 100.95 | OK | |
r-release-macos-arm64 | 0.1.2 | 64.00 | OK | |||
r-release-macos-x86_64 | 0.1.2 | 121.00 | OK | |||
r-release-windows-x86_64 | 0.1.2 | 13.00 | 141.00 | 154.00 | OK | |
r-oldrel-macos-arm64 | 0.1.2 | 71.00 | OK | |||
r-oldrel-macos-x86_64 | 0.1.2 | 177.00 | OK | |||
r-oldrel-windows-x86_64 | 0.1.2 | 14.00 | 174.00 | 188.00 | OK |
Version: 0.1.2
Check: dependencies in R code
Result: NOTE
Namespace in Imports field not imported from: ‘mathjaxr’
All declared Imports should be used.
Flavors: r-devel-linux-x86_64-fedora-clang, r-devel-linux-x86_64-fedora-gcc