CRAN Package Check Results for Package elasso

Last updated on 2025-02-14 02:49:42 CET.

Flavor Version Tinstall Tcheck Ttotal Status Flags
r-devel-linux-x86_64-debian-clang 1.1 6.59 61.62 68.21 OK
r-devel-linux-x86_64-debian-gcc 1.1 5.15 45.55 50.70 OK
r-devel-linux-x86_64-fedora-clang 1.1 109.70 OK
r-devel-linux-x86_64-fedora-gcc 1.1 103.04 OK
r-devel-windows-x86_64 1.1 9.00 70.00 79.00 OK
r-patched-linux-x86_64 1.1 7.06 57.40 64.46 NOTE
r-release-linux-x86_64 1.1 5.87 56.35 62.22 NOTE
r-release-macos-arm64 1.1 35.00 NOTE
r-release-macos-x86_64 1.1 48.00 NOTE
r-release-windows-x86_64 1.1 8.00 70.00 78.00 NOTE
r-oldrel-macos-arm64 1.1 33.00 NOTE
r-oldrel-macos-x86_64 1.1 55.00 NOTE
r-oldrel-windows-x86_64 1.1 10.00 82.00 92.00 NOTE

Check Details

Version: 1.1
Check: LazyData
Result: NOTE 'LazyData' is specified without a 'data' directory Flavors: r-patched-linux-x86_64, r-release-linux-x86_64, r-release-macos-arm64, r-release-macos-x86_64, r-release-windows-x86_64, r-oldrel-macos-arm64, r-oldrel-macos-x86_64, r-oldrel-windows-x86_64