Last updated on 2025-05-18 01:50:26 CEST.
Flavor | Version | Tinstall | Tcheck | Ttotal | Status | Flags |
---|---|---|---|---|---|---|
r-devel-linux-x86_64-debian-clang | 1.1-28 | 35.43 | 260.58 | 296.01 | OK | |
r-devel-linux-x86_64-debian-gcc | 1.1-28 | 22.60 | 164.60 | 187.20 | OK | |
r-devel-linux-x86_64-fedora-clang | 1.1-28 | 470.58 | NOTE | |||
r-devel-linux-x86_64-fedora-gcc | 1.1-28 | 512.90 | NOTE | |||
r-devel-windows-x86_64 | 1.1-28 | 39.00 | 214.00 | 253.00 | OK | |
r-patched-linux-x86_64 | 1.1-28 | 32.42 | 245.52 | 277.94 | OK | |
r-release-linux-x86_64 | 1.1-28 | 33.55 | 246.37 | 279.92 | OK | |
r-release-macos-arm64 | 1.1-28 | 124.00 | OK | |||
r-release-macos-x86_64 | 1.1-28 | 292.00 | OK | |||
r-release-windows-x86_64 | 1.1-28 | 39.00 | 221.00 | 260.00 | OK | |
r-oldrel-macos-arm64 | 1.1-28 | 101.00 | OK | |||
r-oldrel-macos-x86_64 | 1.1-28 | 184.00 | OK | |||
r-oldrel-windows-x86_64 | 1.1-28 | 53.00 | 276.00 | 329.00 | OK |
Version: 1.1-28
Check: compiled code
Result: NOTE
File ‘elsa/libs/elsa.so’:
Found no calls to: ‘R_registerRoutines’, ‘R_useDynamicSymbols’
It is good practice to register native routines and to disable symbol
search.
See ‘Writing portable packages’ in the ‘Writing R Extensions’ manual.
Flavors: r-devel-linux-x86_64-fedora-clang, r-devel-linux-x86_64-fedora-gcc