Last updated on 2024-07-27 01:53:10 CEST.
Flavor | Version | Tinstall | Tcheck | Ttotal | Status | Flags |
---|---|---|---|---|---|---|
r-devel-linux-x86_64-debian-clang | 0.3-3 | 3.45 | 19.94 | 23.39 | NOTE | |
r-devel-linux-x86_64-debian-gcc | 0.3-3 | 2.31 | 15.79 | 18.10 | WARN | |
r-devel-linux-x86_64-fedora-clang | 0.3-3 | 30.26 | NOTE | |||
r-devel-linux-x86_64-fedora-gcc | 0.3-3 | 28.98 | NOTE | |||
r-devel-windows-x86_64 | 0.3-3 | 5.00 | 36.00 | 41.00 | OK | |
r-patched-linux-x86_64 | 0.3-3 | WARN | ||||
r-release-linux-x86_64 | 0.3-3 | 3.12 | 18.85 | 21.97 | WARN | |
r-release-macos-arm64 | 0.3-3 | 15.00 | NOTE | |||
r-release-macos-x86_64 | 0.3-3 | 21.00 | NOTE | |||
r-release-windows-x86_64 | 0.3-3 | 5.00 | 35.00 | 40.00 | OK | |
r-oldrel-macos-arm64 | 0.3-3 | 18.00 | OK | |||
r-oldrel-macos-x86_64 | 0.3-3 | 27.00 | OK | |||
r-oldrel-windows-x86_64 | 0.3-3 | 7.00 | 34.00 | 41.00 | OK |
Version: 0.3-3
Check: DESCRIPTION meta-information
Result: NOTE
License stub is invalid DCF.
Flavors: r-devel-linux-x86_64-debian-clang, r-devel-linux-x86_64-debian-gcc, r-patched-linux-x86_64, r-release-linux-x86_64, r-release-macos-arm64, r-release-macos-x86_64
Version: 0.3-3
Check: whether package can be installed
Result: WARN
Found the following significant warnings:
emd-rubner.c:810:20: warning: ‘minI’ is used uninitialized [-Wuninitialized]
emd-rubner.c:810:26: warning: ‘minJ’ is used uninitialized [-Wuninitialized]
See ‘/home/hornik/tmp/R.check/r-devel-gcc/Work/PKGS/emdist.Rcheck/00install.out’ for details.
* used C compiler: ‘gcc-13 (Debian 13.3.0-3) 13.3.0’
Flavor: r-devel-linux-x86_64-debian-gcc
Version: 0.3-3
Check: DESCRIPTION meta-information
Result: NOTE
Licence stub is invalid DCF.
Flavors: r-devel-linux-x86_64-fedora-clang, r-devel-linux-x86_64-fedora-gcc
Version: 0.3-3
Check: whether package can be installed
Result: WARN
Found the following significant warnings:
emd-rubner.c:810:20: warning: ‘minI’ is used uninitialized [-Wuninitialized]
emd-rubner.c:810:26: warning: ‘minJ’ is used uninitialized [-Wuninitialized]
See ‘/home/hornik/tmp/R.check/r-patched-gcc/Work/PKGS/emdist.Rcheck/00install.out’ for details.
* used C compiler: ‘gcc-13 (Debian 13.3.0-3) 13.3.0’
Flavor: r-patched-linux-x86_64
Version: 0.3-3
Check: whether package can be installed
Result: WARN
Found the following significant warnings:
emd-rubner.c:810:20: warning: ‘minI’ is used uninitialized [-Wuninitialized]
emd-rubner.c:810:26: warning: ‘minJ’ is used uninitialized [-Wuninitialized]
See ‘/home/hornik/tmp/R.check/r-release-gcc/Work/PKGS/emdist.Rcheck/00install.out’ for details.
* used C compiler: ‘gcc-13 (Debian 13.3.0-1) 13.3.0’
Flavor: r-release-linux-x86_64