Last updated on 2025-11-02 02:50:44 CET.
| Flavor | Version | Tinstall | Tcheck | Ttotal | Status | Flags |
|---|---|---|---|---|---|---|
| r-devel-linux-x86_64-debian-clang | 1.0.9 | 1.90 | 28.11 | 30.01 | NOTE | |
| r-devel-linux-x86_64-debian-gcc | 1.0.9 | 1.57 | 22.19 | 23.76 | NOTE | |
| r-devel-linux-x86_64-fedora-clang | 1.0.9 | 43.87 | OK | |||
| r-devel-linux-x86_64-fedora-gcc | 1.0.9 | 42.48 | OK | |||
| r-devel-windows-x86_64 | 1.0.9 | 3.00 | 51.00 | 54.00 | OK | |
| r-patched-linux-x86_64 | 1.0.9 | 2.21 | 26.56 | 28.77 | OK | |
| r-release-linux-x86_64 | 1.0.9 | 1.99 | 26.65 | 28.64 | OK | |
| r-release-macos-arm64 | 1.0.9 | 1.00 | 18.00 | 19.00 | OK | |
| r-release-macos-x86_64 | 1.0.9 | 2.00 | 29.00 | 31.00 | OK | |
| r-release-windows-x86_64 | 1.0.9 | 3.00 | 50.00 | 53.00 | OK | |
| r-oldrel-macos-arm64 | 1.0.9 | 1.00 | 22.00 | 23.00 | OK | |
| r-oldrel-macos-x86_64 | 1.0.9 | 2.00 | 24.00 | 26.00 | OK | |
| r-oldrel-windows-x86_64 | 1.0.9 | 3.00 | 51.00 | 54.00 | OK |
Version: 1.0.9
Check: CRAN incoming feasibility
Result: NOTE
Maintainer: ‘Shawn Garbett <Shawn@Garbett.org>’
No Authors@R field in DESCRIPTION.
Please add one, modifying
Authors@R: c(person(given = "Shawn",
family = "Garbett",
role = c("aut", "cre"),
email = "shawn@garbett.org"),
person(given = "Mark",
family = "Kozdoba",
role = "aut"))
as necessary.
Flavors: r-devel-linux-x86_64-debian-clang, r-devel-linux-x86_64-debian-gcc