Last updated on 2024-08-16 01:48:17 CEST.
Flavor | Version | Tinstall | Tcheck | Ttotal | Status | Flags |
---|---|---|---|---|---|---|
r-devel-linux-x86_64-debian-clang | 0.1.19 | 38.04 | 474.07 | 512.11 | NOTE | |
r-devel-linux-x86_64-debian-gcc | 0.1.19 | 28.94 | 356.57 | 385.51 | NOTE | |
r-devel-linux-x86_64-fedora-clang | 0.1.19 | 874.78 | OK | |||
r-devel-linux-x86_64-fedora-gcc | 0.1.19 | 865.66 | OK | |||
r-devel-windows-x86_64 | 0.1.19 | 29.00 | 421.00 | 450.00 | NOTE | |
r-patched-linux-x86_64 | 0.1.19 | 46.78 | 469.18 | 515.96 | OK | |
r-release-linux-x86_64 | 0.1.19 | 38.45 | 466.21 | 504.66 | OK | |
r-release-macos-arm64 | 0.1.19 | 392.00 | OK | |||
r-release-macos-x86_64 | 0.1.19 | 408.00 | OK | |||
r-release-windows-x86_64 | 0.1.19 | 28.00 | 425.00 | 453.00 | OK | |
r-oldrel-macos-arm64 | 0.1.19 | 248.00 | OK | |||
r-oldrel-macos-x86_64 | 0.1.19 | 580.00 | OK | |||
r-oldrel-windows-x86_64 | 0.1.19 | 38.00 | 490.00 | 528.00 | OK |
Version: 0.1.19
Check: Rd cross-references
Result: NOTE
Found the following Rd file(s) with Rd \link{} targets missing package
anchors:
envi-package.Rd: sparr, spatstat.geom, sf, terra, future, doFuture,
doRNG, foreach
lrren.Rd: future, doFuture, doRNG, foreach
perlrren.Rd: future, doFuture, doRNG, foreach
Please provide package anchors for all Rd \link{} targets not in the
package itself and the base packages.
Flavors: r-devel-linux-x86_64-debian-clang, r-devel-linux-x86_64-debian-gcc, r-devel-windows-x86_64