Last updated on 2024-05-11 01:50:35 CEST.
Flavor | Version | Tinstall | Tcheck | Ttotal | Status | Flags |
---|---|---|---|---|---|---|
r-devel-linux-x86_64-debian-clang | 2.6 | 7.68 | 39.85 | 47.53 | NOTE | |
r-devel-linux-x86_64-debian-gcc | 2.6 | 7.45 | 29.73 | 37.18 | NOTE | |
r-devel-linux-x86_64-fedora-clang | 2.6 | 59.60 | NOTE | |||
r-devel-linux-x86_64-fedora-gcc | 2.6 | 63.59 | NOTE | |||
r-devel-windows-x86_64 | 2.6 | 12.00 | 51.00 | 63.00 | NOTE | |
r-patched-linux-x86_64 | 2.6 | 8.29 | 37.04 | 45.33 | OK | |
r-release-linux-x86_64 | 2.6 | 9.84 | 37.77 | 47.61 | OK | |
r-release-macos-arm64 | 2.6 | 22.00 | OK | |||
r-release-windows-x86_64 | 2.6 | 12.00 | 50.00 | 62.00 | OK | |
r-oldrel-macos-arm64 | 2.6 | 23.00 | OK | |||
r-oldrel-macos-x86_64 | 2.6 | 33.00 | OK | |||
r-oldrel-windows-x86_64 | 2.6 | 12.00 | 55.00 | 67.00 | OK |
Version: 2.6
Check: compiled code
Result: NOTE
File ‘enviPat/libs/enviPat.so’:
Found non-API call to R: ‘SETLENGTH’
Compiled code should not call non-API entry points in R.
See ‘Writing portable packages’ in the ‘Writing R Extensions’ manual.
Flavors: r-devel-linux-x86_64-debian-clang, r-devel-linux-x86_64-debian-gcc, r-devel-linux-x86_64-fedora-clang, r-devel-linux-x86_64-fedora-gcc
Version: 2.6
Check: compiled code
Result: NOTE
File 'enviPat/libs/x64/enviPat.dll':
Found non-API call to R: 'SETLENGTH'
Compiled code should not call non-API entry points in R.
See 'Writing portable packages' in the 'Writing R Extensions' manual.
Flavor: r-devel-windows-x86_64