Last updated on 2025-11-20 03:50:07 CET.
| Flavor | Version | Tinstall | Tcheck | Ttotal | Status | Flags |
|---|---|---|---|---|---|---|
| r-devel-linux-x86_64-debian-clang | 0.3.0 | 2.64 | 72.43 | 75.07 | OK | |
| r-devel-linux-x86_64-debian-gcc | 0.3.0 | 2.28 | 52.70 | 54.98 | OK | |
| r-devel-linux-x86_64-fedora-clang | 0.3.0 | 114.40 | NOTE | |||
| r-devel-linux-x86_64-fedora-gcc | 0.3.0 | 121.57 | NOTE | |||
| r-devel-windows-x86_64 | 0.3.0 | 8.00 | 88.00 | 96.00 | OK | |
| r-patched-linux-x86_64 | 0.3.0 | 3.24 | 67.89 | 71.13 | OK | |
| r-release-linux-x86_64 | 0.3.0 | 3.09 | 67.57 | 70.66 | OK | |
| r-release-macos-arm64 | 0.3.0 | OK | ||||
| r-release-macos-x86_64 | 0.3.0 | 2.00 | 77.00 | 79.00 | OK | |
| r-release-windows-x86_64 | 0.3.0 | 5.00 | 88.00 | 93.00 | OK | |
| r-oldrel-macos-arm64 | 0.3.0 | OK | ||||
| r-oldrel-macos-x86_64 | 0.3.0 | 2.00 | 56.00 | 58.00 | OK | |
| r-oldrel-windows-x86_64 | 0.3.0 | 6.00 | 126.00 | 132.00 | OK |
Version: 0.3.0
Check: dependencies in R code
Result: NOTE
Namespace in Imports field not imported from: ‘knitr’
All declared Imports should be used.
Flavors: r-devel-linux-x86_64-fedora-clang, r-devel-linux-x86_64-fedora-gcc