CRAN Package Check Results for Package epo

Last updated on 2025-02-05 02:48:48 CET.

Flavor Version Tinstall Tcheck Ttotal Status Flags
r-devel-linux-x86_64-debian-clang 0.1.0 1.71 19.08 20.79 OK
r-devel-linux-x86_64-debian-gcc 0.1.0 1.45 15.52 16.97 OK
r-devel-linux-x86_64-fedora-clang 0.1.0 34.25 NOTE
r-devel-linux-x86_64-fedora-gcc 0.1.0 32.39 NOTE
r-devel-windows-x86_64 0.1.0 4.00 42.00 46.00 OK
r-patched-linux-x86_64 0.1.0 1.68 18.10 19.78 OK
r-release-linux-x86_64 0.1.0 1.37 17.95 19.32 OK
r-release-macos-arm64 0.1.0 15.00 OK
r-release-macos-x86_64 0.1.0 21.00 OK
r-release-windows-x86_64 0.1.0 3.00 41.00 44.00 OK
r-oldrel-macos-arm64 0.1.0 18.00 OK
r-oldrel-macos-x86_64 0.1.0 27.00 OK
r-oldrel-windows-x86_64 0.1.0 3.00 42.00 45.00 OK

Check Details

Version: 0.1.0
Check: dependencies in R code
Result: NOTE Namespace in Imports field not imported from: ‘xts’ All declared Imports should be used. Flavors: r-devel-linux-x86_64-fedora-clang, r-devel-linux-x86_64-fedora-gcc