Last updated on 2025-11-02 02:50:44 CET.
| Flavor | Version | Tinstall | Tcheck | Ttotal | Status | Flags |
|---|---|---|---|---|---|---|
| r-devel-linux-x86_64-debian-clang | 2.2.0 | 26.22 | 162.21 | 188.43 | OK | |
| r-devel-linux-x86_64-debian-gcc | 2.2.0 | 18.61 | 117.53 | 136.14 | OK | |
| r-devel-linux-x86_64-fedora-clang | 2.2.0 | 137.00 | 188.78 | 325.78 | OK | |
| r-devel-linux-x86_64-fedora-gcc | 2.2.0 | 229.00 | 112.24 | 341.24 | OK | |
| r-devel-windows-x86_64 | 2.2.0 | 31.00 | 177.00 | 208.00 | OK | |
| r-patched-linux-x86_64 | 2.2.0 | 23.81 | 155.10 | 178.91 | OK | |
| r-release-linux-x86_64 | 2.2.0 | 26.98 | 154.08 | 181.06 | OK | |
| r-release-macos-arm64 | 2.2.0 | 13.00 | 50.00 | 63.00 | OK | |
| r-release-macos-x86_64 | 2.2.0 | 25.00 | 159.00 | 184.00 | OK | |
| r-release-windows-x86_64 | 2.2.0 | 30.00 | 176.00 | 206.00 | OK | |
| r-oldrel-macos-arm64 | 2.2.0 | 13.00 | 54.00 | 67.00 | NOTE | |
| r-oldrel-macos-x86_64 | 2.2.0 | 36.00 | 209.00 | 245.00 | OK | |
| r-oldrel-windows-x86_64 | 2.2.0 | 40.00 | 237.00 | 277.00 | OK |
Version: 2.2.0
Check: package dependencies
Result: NOTE
Package suggested but not available for checking: ‘gcspikelite’
Flavor: r-oldrel-macos-arm64