Last updated on 2025-10-21 01:48:30 CEST.
Flavor | Version | Tinstall | Tcheck | Ttotal | Status | Flags |
---|---|---|---|---|---|---|
r-devel-linux-x86_64-debian-clang | 2.1.2 | 8.40 | 230.05 | 238.45 | OK | |
r-devel-linux-x86_64-debian-gcc | 2.1.2 | 6.03 | 141.86 | 147.89 | NOTE | |
r-devel-linux-x86_64-fedora-clang | 2.1.2 | 398.54 | OK | |||
r-devel-linux-x86_64-fedora-gcc | 2.1.2 | 398.21 | OK | |||
r-devel-windows-x86_64 | 2.1.2 | 9.00 | 253.00 | 262.00 | OK | |
r-patched-linux-x86_64 | 2.1.2 | 9.16 | 216.66 | 225.82 | OK | |
r-release-linux-x86_64 | 2.1.2 | 7.57 | 220.97 | 228.54 | OK | |
r-release-macos-arm64 | 2.1.2 | 111.00 | OK | |||
r-release-macos-x86_64 | 2.1.2 | 240.00 | OK | |||
r-release-windows-x86_64 | 2.1.2 | 10.00 | 227.00 | 237.00 | OK | |
r-oldrel-macos-arm64 | 2.1.2 | 106.00 | OK | |||
r-oldrel-macos-x86_64 | 2.1.2 | 264.00 | OK | |||
r-oldrel-windows-x86_64 | 2.1.2 | 13.00 | 302.00 | 315.00 | OK |
Version: 2.1.2
Check: HTML version of manual
Result: NOTE
Found the following HTML validation problems:
attach_startdate_agg.html:46:1 (attach_startdate_agg.Rd:10): Warning: missing </ul> before </div>
check_cl.input_format.html:59:1 (check_cl.input_format.Rd:16): Warning: missing </ul> before </div>
check_dist.html:46:1 (check_dist.Rd:10): Warning: missing </ul> before </div>
check_for_deconv.html:50:1 (check_for_deconv.Rd:12): Warning: missing </ul> before </div>
check_prm.R.html:50:1 (check_prm.R.Rd:12): Warning: missing </ul> before </div>
check_prm.daily.html:46:1 (check_prm.daily.Rd:10): Warning: missing </ul> before </div>
check_prm.daily.check.html:46:1 (check_prm.daily.check.Rd:10): Warning: missing </ul> before </div>
check_prm.smooth.html:46:1 (check_prm.smooth.Rd:10): Warning: missing </ul> before </div>
cl.data.html:65:1 (cl.data.Rd:21): Warning: missing </ul> before </div>
correct_underreporting.html:50:1 (correct_underreporting.Rd:12): Warning: missing </ul> before </div>
deconv.html:58:1 (deconv.Rd:16): Warning: missing </ul> before </div>
estimate_R_cl_single.html:103:1 (estimate_R_cl_single.Rd:44): Warning: missing </ul> before </div>
fit_jags_aggreg.html:111:1 (fit_jags_aggreg.Rd:42): Warning: missing </ul> before </div>
na_to_0.html:46:1 (na_to_0.Rd:10): Warning: missing </ul> before </div>
reports_to_incidence.html:68:1 (reports_to_incidence.Rd:24): Warning: missing </ul> before </div>
reshape_fit_jags.html:46:1 (reshape_fit_jags.Rd:10): Warning: missing </ul> before </div>
sample_a_dist.html:49:1 (sample_a_dist.Rd:12): Warning: missing </ul> before </div>
sample_from_dist.html:52:1 (sample_from_dist.Rd:13): Warning: missing </ul> before </div>
sample_post_ee.html:54:1 (sample_post_ee.Rd:14): Warning: missing </ul> before </div>
summarise_by_date_iters.html:46:1 (summarise_by_date_iters.Rd:10): Warning: missing </ul> before </div>
ww.data.html:62:1 (ww.data.Rd:15): Warning: missing </ul> before </div>
Flavor: r-devel-linux-x86_64-debian-gcc