Last updated on 2025-07-10 01:50:42 CEST.
Flavor | Version | Tinstall | Tcheck | Ttotal | Status | Flags |
---|---|---|---|---|---|---|
r-devel-linux-x86_64-debian-clang | 1.0.10 | 18.34 | 120.01 | 138.35 | OK | |
r-devel-linux-x86_64-debian-gcc | 1.0.10 | 11.62 | 0.02 | 11.64 | FAIL | |
r-devel-linux-x86_64-fedora-clang | 1.0.10 | 218.02 | OK | |||
r-devel-linux-x86_64-fedora-gcc | 1.0.10 | 217.93 | OK | |||
r-devel-windows-x86_64 | 1.0.10 | 19.00 | 164.00 | 183.00 | OK | |
r-patched-linux-x86_64 | 1.0.10 | 20.51 | 112.48 | 132.99 | OK | |
r-release-linux-x86_64 | 1.0.10 | 15.93 | 113.05 | 128.98 | OK | |
r-release-macos-arm64 | 1.0.10 | 82.00 | OK | |||
r-release-macos-x86_64 | 1.0.10 | 136.00 | OK | |||
r-release-windows-x86_64 | 1.0.10 | 21.00 | 166.00 | 187.00 | OK | |
r-oldrel-macos-arm64 | 1.0.10 | 77.00 | OK | |||
r-oldrel-macos-x86_64 | 1.0.10 | 195.00 | OK | |||
r-oldrel-windows-x86_64 | 1.0.10 | 26.00 | 197.00 | 223.00 | OK |
Version: 1.0.10
Check: re-building of vignette outputs
Result: FAIL
Flavor: r-devel-linux-x86_64-debian-gcc