Last updated on 2025-10-31 01:48:57 CET.
| Flavor | Version | Tinstall | Tcheck | Ttotal | Status | Flags | 
|---|---|---|---|---|---|---|
| r-devel-linux-x86_64-debian-clang | 0.2.0 | 6.33 | 66.47 | 72.80 | NOTE | |
| r-devel-linux-x86_64-debian-gcc | 0.2.0 | 5.43 | 51.03 | 56.46 | NOTE | |
| r-devel-linux-x86_64-fedora-clang | 0.2.0 | 16.00 | 97.39 | 113.39 | NOTE | |
| r-devel-linux-x86_64-fedora-gcc | 0.2.0 | 13.00 | 107.88 | 120.88 | NOTE | |
| r-devel-windows-x86_64 | 0.2.0 | 8.00 | 86.00 | 94.00 | NOTE | |
| r-patched-linux-x86_64 | 0.2.0 | 7.34 | 63.46 | 70.80 | NOTE | |
| r-release-linux-x86_64 | 0.2.0 | 6.18 | 63.77 | 69.95 | NOTE | |
| r-release-macos-arm64 | 0.2.0 | 4.00 | 51.00 | 55.00 | NOTE | |
| r-release-macos-x86_64 | 0.2.0 | 9.00 | 99.00 | 108.00 | NOTE | |
| r-release-windows-x86_64 | 0.2.0 | 8.00 | 87.00 | 95.00 | NOTE | |
| r-oldrel-macos-arm64 | 0.2.0 | 3.00 | 37.00 | 40.00 | NOTE | |
| r-oldrel-macos-x86_64 | 0.2.0 | 5.00 | 53.00 | 58.00 | NOTE | |
| r-oldrel-windows-x86_64 | 0.2.0 | 10.00 | 106.00 | 116.00 | NOTE | 
Version: 0.2.0
Check: CRAN incoming feasibility
Result: NOTE
  Maintainer: ‘Eric Leifer <Eric.Leifer@gmail.com>’
  
  No Authors@R field in DESCRIPTION.
  Please add one, modifying
    Authors@R: c(person(given = "Eric",
                        family = "Leifer",
                        role = c("aut", "cre"),
                        email = "eric.leifer@gmail.com"),
                 person(given = "James",
                        family = "Troendle",
                        role = "aut"))
  as necessary.
Flavors: r-devel-linux-x86_64-debian-clang, r-devel-linux-x86_64-debian-gcc
Version: 0.2.0
Check: package subdirectories
Result: NOTE
  Problems with news in ‘NEWS.md’:
    Cannot extract version info from the following section titles:
      minor changes
Flavors: r-devel-linux-x86_64-debian-clang, r-devel-linux-x86_64-debian-gcc, r-devel-linux-x86_64-fedora-clang, r-devel-linux-x86_64-fedora-gcc, r-devel-windows-x86_64, r-patched-linux-x86_64, r-release-linux-x86_64, r-release-macos-arm64, r-release-macos-x86_64, r-release-windows-x86_64, r-oldrel-macos-arm64, r-oldrel-macos-x86_64, r-oldrel-windows-x86_64