Last updated on 2024-08-16 01:48:18 CEST.
Flavor | Version | Tinstall | Tcheck | Ttotal | Status | Flags |
---|---|---|---|---|---|---|
r-devel-linux-x86_64-debian-clang | 0.6.1 | 42.93 | 101.74 | 144.67 | OK | |
r-devel-linux-x86_64-debian-gcc | 0.6.1 | 33.06 | 69.54 | 102.60 | OK | |
r-devel-linux-x86_64-fedora-clang | 0.6.1 | 246.59 | NOTE | |||
r-devel-linux-x86_64-fedora-gcc | 0.6.1 | 245.14 | OK | |||
r-devel-windows-x86_64 | 0.6.1 | 55.00 | 135.00 | 190.00 | NOTE | |
r-patched-linux-x86_64 | 0.6.1 | 45.69 | 93.08 | 138.77 | OK | |
r-release-linux-x86_64 | 0.6.1 | 45.73 | 94.64 | 140.37 | OK | |
r-release-macos-arm64 | 0.6.1 | 59.00 | NOTE | |||
r-release-macos-x86_64 | 0.6.1 | 106.00 | NOTE | |||
r-release-windows-x86_64 | 0.6.1 | 52.00 | 136.00 | 188.00 | NOTE | |
r-oldrel-macos-arm64 | 0.6.1 | 71.00 | NOTE | |||
r-oldrel-macos-x86_64 | 0.6.1 | 207.00 | NOTE | |||
r-oldrel-windows-x86_64 | 0.6.1 | 67.00 | 163.00 | 230.00 | NOTE |
Version: 0.6.1
Check: installed package size
Result: NOTE
installed size is 5.4Mb
sub-directories of 1Mb or more:
data 4.9Mb
Flavors: r-devel-linux-x86_64-fedora-clang, r-devel-windows-x86_64, r-release-macos-arm64, r-release-macos-x86_64, r-release-windows-x86_64, r-oldrel-macos-arm64, r-oldrel-macos-x86_64, r-oldrel-windows-x86_64