Last updated on 2024-08-16 01:48:18 CEST.
Flavor | Version | Tinstall | Tcheck | Ttotal | Status | Flags |
---|---|---|---|---|---|---|
r-devel-linux-x86_64-debian-clang | 2.3.1 | 78.88 | 163.35 | 242.23 | OK | |
r-devel-linux-x86_64-debian-gcc | 2.3.1 | 51.91 | 103.44 | 155.35 | OK | |
r-devel-linux-x86_64-fedora-clang | 2.3.1 | 425.77 | OK | |||
r-devel-linux-x86_64-fedora-gcc | 2.3.1 | 419.86 | OK | |||
r-devel-windows-x86_64 | 2.3.1 | 79.00 | 198.00 | 277.00 | OK | |
r-patched-linux-x86_64 | 2.3.1 | 78.34 | 155.69 | 234.03 | OK | |
r-release-linux-x86_64 | 2.3.1 | 71.59 | 156.60 | 228.19 | OK | |
r-release-macos-arm64 | 2.3.1 | 102.00 | NOTE | |||
r-release-macos-x86_64 | 2.3.1 | 244.00 | NOTE | |||
r-release-windows-x86_64 | 2.3.1 | 82.00 | 196.00 | 278.00 | OK | |
r-oldrel-macos-arm64 | 2.3.1 | 113.00 | NOTE | |||
r-oldrel-macos-x86_64 | 2.3.1 | 207.00 | NOTE | |||
r-oldrel-windows-x86_64 | 2.3.1 | 106.00 | 241.00 | 347.00 | OK |
Version: 2.3.1
Check: installed package size
Result: NOTE
installed size is 8.0Mb
sub-directories of 1Mb or more:
data 2.3Mb
libs 4.5Mb
Flavors: r-release-macos-arm64, r-release-macos-x86_64, r-oldrel-macos-arm64, r-oldrel-macos-x86_64