Last updated on 2025-11-12 01:48:58 CET.
| Flavor | Version | Tinstall | Tcheck | Ttotal | Status | Flags |
|---|---|---|---|---|---|---|
| r-devel-linux-x86_64-debian-clang | 2.4-6 | 4.67 | 35.25 | 39.92 | NOTE | |
| r-devel-linux-x86_64-debian-gcc | 2.4-6 | 3.47 | 28.17 | 31.64 | NOTE | |
| r-devel-linux-x86_64-fedora-clang | 2.4-6 | 20.00 | 42.62 | 62.62 | OK | |
| r-devel-linux-x86_64-fedora-gcc | 2.4-6 | 10.00 | 62.52 | 72.52 | OK | |
| r-devel-windows-x86_64 | 2.4-6 | 7.00 | 72.00 | 79.00 | OK | |
| r-patched-linux-x86_64 | 2.4-6 | 4.45 | 33.23 | 37.68 | OK | |
| r-release-linux-x86_64 | 2.4-6 | 4.63 | 33.78 | 38.41 | OK | |
| r-release-macos-arm64 | 2.4-6 | 4.00 | 27.00 | 31.00 | OK | |
| r-release-macos-x86_64 | 2.4-6 | 7.00 | 53.00 | 60.00 | OK | |
| r-release-windows-x86_64 | 2.4-6 | 9.00 | 69.00 | 78.00 | OK | |
| r-oldrel-macos-arm64 | 2.4-6 | 3.00 | 29.00 | 32.00 | OK | |
| r-oldrel-macos-x86_64 | 2.4-6 | 21.00 | 106.00 | 127.00 | OK | |
| r-oldrel-windows-x86_64 | 2.4-6 | 10.00 | 70.00 | 80.00 | OK |
Version: 2.4-6
Check: CRAN incoming feasibility
Result: NOTE
Maintainer: ‘Roger D. Peng <roger.peng@austin.utexas.edu>’
No Authors@R field in DESCRIPTION.
Please add one, modifying
Authors@R: person(given = c("Roger", "D."),
family = "Peng",
role = c("aut", "cre"),
email = "roger.peng@austin.utexas.edu")
as necessary.
Flavors: r-devel-linux-x86_64-debian-clang, r-devel-linux-x86_64-debian-gcc