Last updated on 2025-10-22 01:51:24 CEST.
Flavor | Version | Tinstall | Tcheck | Ttotal | Status | Flags |
---|---|---|---|---|---|---|
r-devel-linux-x86_64-debian-clang | 2.4-6 | 4.33 | 34.64 | 38.97 | NOTE | |
r-devel-linux-x86_64-debian-gcc | 2.4-6 | 3.36 | 27.89 | 31.25 | NOTE | |
r-devel-linux-x86_64-fedora-clang | 2.4-6 | 10.00 | 51.78 | 61.78 | OK | |
r-devel-linux-x86_64-fedora-gcc | 2.4-6 | 13.00 | 57.22 | 70.22 | OK | |
r-devel-windows-x86_64 | 2.4-6 | 10.00 | 71.00 | 81.00 | OK | |
r-patched-linux-x86_64 | 2.4-6 | 5.01 | 33.37 | 38.38 | OK | |
r-release-linux-x86_64 | 2.4-6 | 4.77 | 33.14 | 37.91 | OK | |
r-release-macos-arm64 | 2.4-6 | 4.00 | 27.00 | 31.00 | OK | |
r-release-macos-x86_64 | 2.4-6 | 7.00 | 53.00 | 60.00 | OK | |
r-release-windows-x86_64 | 2.4-6 | 10.00 | 72.00 | 82.00 | OK | |
r-oldrel-macos-arm64 | 2.4-6 | 3.00 | 29.00 | 32.00 | OK | |
r-oldrel-macos-x86_64 | 2.4-6 | 21.00 | 106.00 | 127.00 | OK | |
r-oldrel-windows-x86_64 | 2.4-6 | 10.00 | 70.00 | 80.00 | OK |
Version: 2.4-6
Check: CRAN incoming feasibility
Result: NOTE
Maintainer: ‘Roger D. Peng <roger.peng@austin.utexas.edu>’
No Authors@R field in DESCRIPTION.
Please add one, modifying
Authors@R: person(given = c("Roger", "D."),
family = "Peng",
role = c("aut", "cre"),
email = "roger.peng@austin.utexas.edu")
as necessary.
Flavors: r-devel-linux-x86_64-debian-clang, r-devel-linux-x86_64-debian-gcc
Version: 2.4-6
Check: HTML version of manual
Result: NOTE
Found the following HTML validation problems:
coerceDB1RDS.html:40:1 (coerceDB1RDS.Rd:8): Warning: missing </ul> before </div>
coerceDB1list.html:40:1 (coerceDB1list.Rd:8): Warning: missing </ul> before </div>
coercelist.html:40:1 (coercelist.Rd:8): Warning: missing </ul> before </div>
registerFormatDB.html:50:1 (registerFormatDB.Rd:12): Warning: missing </ul> before </div>
Flavors: r-devel-linux-x86_64-debian-clang, r-devel-linux-x86_64-debian-gcc