Last updated on 2025-02-05 02:48:48 CET.
Flavor | Version | Tinstall | Tcheck | Ttotal | Status | Flags |
---|---|---|---|---|---|---|
r-devel-linux-x86_64-debian-clang | 0.1.2 | 5.01 | 34.01 | 39.02 | OK | |
r-devel-linux-x86_64-debian-gcc | 0.1.2 | 4.35 | 26.54 | 30.89 | OK | |
r-devel-linux-x86_64-fedora-clang | 0.1.2 | 63.01 | NOTE | |||
r-devel-linux-x86_64-fedora-gcc | 0.1.2 | 58.93 | NOTE | |||
r-devel-windows-x86_64 | 0.1.2 | 8.00 | 52.00 | 60.00 | OK | |
r-patched-linux-x86_64 | 0.1.2 | 4.26 | 32.17 | 36.43 | OK | |
r-release-linux-x86_64 | 0.1.2 | 5.21 | 31.97 | 37.18 | OK | |
r-release-macos-arm64 | 0.1.2 | 22.00 | OK | |||
r-release-macos-x86_64 | 0.1.2 | 33.00 | OK | |||
r-release-windows-x86_64 | 0.1.2 | 8.00 | 53.00 | 61.00 | OK | |
r-oldrel-macos-arm64 | 0.1.2 | 26.00 | OK | |||
r-oldrel-macos-x86_64 | 0.1.2 | 34.00 | OK | |||
r-oldrel-windows-x86_64 | 0.1.2 | 8.00 | 63.00 | 71.00 | OK |
Version: 0.1.2
Check: dependencies in R code
Result: NOTE
Namespaces in Imports field not imported from:
‘rclipboard’ ‘shinyBS’ ‘shinyWidgets’ ‘shinyjs’
All declared Imports should be used.
Flavors: r-devel-linux-x86_64-fedora-clang, r-devel-linux-x86_64-fedora-gcc