CRAN Package Check Results for Package fingerprint

Last updated on 2025-04-30 01:50:19 CEST.

Flavor Version Tinstall Tcheck Ttotal Status Flags
r-devel-linux-x86_64-debian-clang 3.5.7 4.90 28.18 33.08 NOTE
r-devel-linux-x86_64-debian-gcc 3.5.7 3.27 21.57 24.84 NOTE
r-devel-linux-x86_64-fedora-clang 3.5.7 53.05 NOTE
r-devel-linux-x86_64-fedora-gcc 3.5.7 48.46 NOTE
r-devel-windows-x86_64 3.5.7 7.00 53.00 60.00 NOTE
r-patched-linux-x86_64 3.5.7 5.34 26.90 32.24 NOTE
r-release-linux-x86_64 3.5.7 4.43 26.45 30.88 NOTE
r-release-macos-arm64 3.5.7 20.00 NOTE
r-release-macos-x86_64 3.5.7 35.00 NOTE
r-release-windows-x86_64 3.5.7 8.00 59.00 67.00 NOTE
r-oldrel-macos-arm64 3.5.7 20.00 NOTE
r-oldrel-macos-x86_64 3.5.7 27.00 NOTE
r-oldrel-windows-x86_64 3.5.7 8.00 55.00 63.00 NOTE

Check Details

Version: 3.5.7
Check: CRAN incoming feasibility
Result: NOTE Maintainer: ‘Rajarshi Guha <rajarshi.guha@gmail.com>’ No Authors@R field in DESCRIPTION. Please add one, modifying Authors@R: person(given = "Rajarshi", family = "Guha", role = c("aut", "cre"), email = "rajarshi.guha@gmail.com") as necessary. Flavors: r-devel-linux-x86_64-debian-clang, r-devel-linux-x86_64-debian-gcc

Version: 3.5.7
Check: Rd files
Result: NOTE checkRd: (-1) bitspec.Rd:8: Escaped LaTeX specials: \& Flavors: r-devel-linux-x86_64-debian-clang, r-devel-linux-x86_64-debian-gcc, r-devel-linux-x86_64-fedora-clang, r-devel-linux-x86_64-fedora-gcc, r-devel-windows-x86_64, r-patched-linux-x86_64, r-release-linux-x86_64, r-release-macos-arm64, r-release-macos-x86_64, r-release-windows-x86_64, r-oldrel-macos-arm64, r-oldrel-macos-x86_64, r-oldrel-windows-x86_64