Last updated on 2025-11-12 02:52:56 CET.
| Flavor | Version | Tinstall | Tcheck | Ttotal | Status | Flags |
|---|---|---|---|---|---|---|
| r-devel-linux-x86_64-debian-clang | 0.1.1 | 64.65 | 417.40 | 482.05 | OK | |
| r-devel-linux-x86_64-debian-gcc | 0.1.1 | 41.28 | 252.53 | 293.81 | OK | |
| r-devel-linux-x86_64-fedora-clang | 0.1.1 | 254.00 | 542.22 | 796.22 | OK | |
| r-devel-linux-x86_64-fedora-gcc | 0.1.1 | 263.00 | 484.95 | 747.95 | OK | |
| r-devel-windows-x86_64 | 0.1.1 | 77.00 | 498.00 | 575.00 | OK | |
| r-patched-linux-x86_64 | 0.1.1 | 78.11 | 395.17 | 473.28 | OK | |
| r-release-linux-x86_64 | 0.1.1 | 58.95 | 391.30 | 450.25 | OK | |
| r-release-macos-arm64 | 0.1.1 | 34.00 | 120.00 | 154.00 | OK | |
| r-release-macos-x86_64 | 0.1.1 | 64.00 | 286.00 | 350.00 | OK | |
| r-release-windows-x86_64 | 0.1.1 | 74.00 | 505.00 | 579.00 | OK | |
| r-oldrel-macos-arm64 | 0.1.1 | 26.00 | 124.00 | 150.00 | NOTE | |
| r-oldrel-macos-x86_64 | 0.1.1 | 76.00 | 289.00 | 365.00 | NOTE | |
| r-oldrel-windows-x86_64 | 0.1.1 | 101.00 | 593.00 | 694.00 | OK |
Version: 0.1.1
Check: installed package size
Result: NOTE
installed size is 5.5Mb
sub-directories of 1Mb or more:
R 2.0Mb
help 3.1Mb
Flavors: r-oldrel-macos-arm64, r-oldrel-macos-x86_64