Last updated on 2024-07-27 01:53:11 CEST.
Flavor | Version | Tinstall | Tcheck | Ttotal | Status | Flags |
---|---|---|---|---|---|---|
r-devel-linux-x86_64-debian-clang | 1.9.12.1 | 32.60 | 153.30 | 185.90 | OK | |
r-devel-linux-x86_64-debian-gcc | 1.9.12.1 | 20.85 | 110.37 | 131.22 | OK | |
r-devel-linux-x86_64-fedora-clang | 1.9.12.1 | 220.33 | OK | |||
r-devel-linux-x86_64-fedora-gcc | 1.9.12.1 | 204.06 | OK | |||
r-devel-windows-x86_64 | 1.9.12 | 27.00 | 120.00 | 147.00 | NOTE | |
r-patched-linux-x86_64 | 1.9.12 | OK | ||||
r-release-linux-x86_64 | 1.9.12 | 21.90 | 140.92 | 162.82 | OK | |
r-release-macos-arm64 | 1.9.12.1 | 56.00 | OK | |||
r-release-macos-x86_64 | 1.9.12.1 | 178.00 | OK | |||
r-release-windows-x86_64 | 1.9.12.1 | 28.00 | 121.00 | 149.00 | OK | |
r-oldrel-macos-arm64 | 1.9.12.1 | 67.00 | OK | |||
r-oldrel-macos-x86_64 | 1.9.12.1 | 131.00 | OK | |||
r-oldrel-windows-x86_64 | 1.9.12.1 | 27.00 | 148.00 | 175.00 | OK |
Version: 1.9.12
Check: Rd cross-references
Result: NOTE
Found the following Rd file(s) with Rd \link{} targets missing package
anchors:
fmri.lmePar.Rd: lme
fmri.metaPar.Rd: rma.uni
Please provide package anchors for all Rd \link{} targets not in the
package itself and the base packages.
Flavor: r-devel-windows-x86_64