Last updated on 2025-02-05 02:48:49 CET.
Flavor | Version | Tinstall | Tcheck | Ttotal | Status | Flags |
---|---|---|---|---|---|---|
r-devel-linux-x86_64-debian-clang | 0.1.2 | 10.63 | 96.20 | 106.83 | NOTE | |
r-devel-linux-x86_64-debian-gcc | 0.1.2 | 9.12 | 68.70 | 77.82 | NOTE | |
r-devel-linux-x86_64-fedora-clang | 0.1.2 | 177.34 | OK | |||
r-devel-linux-x86_64-fedora-gcc | 0.1.2 | 159.49 | OK | |||
r-devel-windows-x86_64 | 0.1.2 | 14.00 | 107.00 | 121.00 | NOTE | |
r-patched-linux-x86_64 | 0.1.2 | 16.01 | 90.35 | 106.36 | OK | |
r-release-linux-x86_64 | 0.1.2 | 11.75 | 90.36 | 102.11 | OK | |
r-release-macos-arm64 | 0.1.2 | 49.00 | OK | |||
r-release-macos-x86_64 | 0.1.2 | 71.00 | OK | |||
r-release-windows-x86_64 | 0.1.2 | 14.00 | 105.00 | 119.00 | OK | |
r-oldrel-macos-arm64 | 0.1.1 | 55.00 | OK | |||
r-oldrel-macos-x86_64 | 0.1.1 | 115.00 | OK | |||
r-oldrel-windows-x86_64 | 0.1.1 | 17.00 | 130.00 | 147.00 | OK |
Version: 0.1.2
Check: Rd cross-references
Result: NOTE
Found the following Rd file(s) with Rd \link{} targets missing package
anchors:
moment_fmx.Rd: moment-class
Please provide package anchors for all Rd \link{} targets not in the
package itself and the base packages.
Flavors: r-devel-linux-x86_64-debian-clang, r-devel-linux-x86_64-debian-gcc, r-devel-windows-x86_64