Last updated on 2024-05-27 02:48:03 CEST.
Flavor | Version | Tinstall | Tcheck | Ttotal | Status | Flags |
---|---|---|---|---|---|---|
r-devel-linux-x86_64-debian-clang | 0.9.0 | 14.66 | 543.26 | 557.92 | OK | |
r-devel-linux-x86_64-debian-gcc | 0.9.0 | 10.08 | 441.18 | 451.26 | OK | |
r-devel-linux-x86_64-fedora-clang | 0.9.0 | 744.20 | NOTE | |||
r-devel-linux-x86_64-fedora-gcc | 0.9.0 | 665.96 | NOTE | |||
r-devel-windows-x86_64 | 0.9.0 | 13.00 | 312.00 | 325.00 | OK | |
r-patched-linux-x86_64 | 0.9.0 | 13.01 | 535.38 | 548.39 | OK | |
r-release-linux-x86_64 | 0.9.0 | 11.25 | 539.18 | 550.43 | OK | |
r-release-macos-arm64 | 0.9.0 | 212.00 | OK | |||
r-release-windows-x86_64 | 0.9.0 | 14.00 | 310.00 | 324.00 | OK | |
r-oldrel-macos-arm64 | 0.9.0 | 221.00 | OK | |||
r-oldrel-macos-x86_64 | 0.9.0 | 346.00 | OK | |||
r-oldrel-windows-x86_64 | 0.9.0 | 15.00 | 395.00 | 410.00 | OK |
Version: 0.9.0
Check: dependencies in R code
Result: NOTE
Namespace in Imports field not imported from: ‘dtplyr’
All declared Imports should be used.
Flavors: r-devel-linux-x86_64-fedora-clang, r-devel-linux-x86_64-fedora-gcc