Last updated on 2025-10-31 01:48:58 CET.
| Flavor | Version | Tinstall | Tcheck | Ttotal | Status | Flags | 
|---|---|---|---|---|---|---|
| r-devel-linux-x86_64-debian-clang | 1.0.0 | 6.81 | 79.14 | 85.95 | OK | |
| r-devel-linux-x86_64-debian-gcc | 1.0.0 | 6.32 | 59.56 | 65.88 | OK | |
| r-devel-linux-x86_64-fedora-clang | 1.0.0 | 19.00 | 113.95 | 132.95 | OK | |
| r-devel-linux-x86_64-fedora-gcc | 1.0.0 | 18.00 | 123.91 | 141.91 | OK | |
| r-devel-windows-x86_64 | 1.0.0 | 8.00 | 88.00 | 96.00 | OK | |
| r-patched-linux-x86_64 | 1.0.0 | 7.20 | 74.65 | 81.85 | OK | |
| r-release-linux-x86_64 | 1.0.0 | 8.14 | 74.41 | 82.55 | OK | |
| r-release-macos-arm64 | 1.0.0 | 4.00 | 45.00 | 49.00 | OK | |
| r-release-macos-x86_64 | 1.0.0 | 7.00 | 84.00 | 91.00 | OK | |
| r-release-windows-x86_64 | 1.0.0 | 8.00 | 88.00 | 96.00 | OK | |
| r-oldrel-macos-arm64 | 1.0.0 | 4.00 | 41.00 | 45.00 | NOTE | |
| r-oldrel-macos-x86_64 | 1.0.0 | 5.00 | 63.00 | 68.00 | NOTE | |
| r-oldrel-windows-x86_64 | 1.0.0 | 11.00 | 116.00 | 127.00 | NOTE | 
Version: 1.0.0
Check: LazyData
Result: NOTE
    'LazyData' is specified without a 'data' directory
Flavors: r-oldrel-macos-arm64, r-oldrel-macos-x86_64, r-oldrel-windows-x86_64