Last updated on 2025-07-16 01:50:29 CEST.
Flavor | Version | Tinstall | Tcheck | Ttotal | Status | Flags |
---|---|---|---|---|---|---|
r-devel-linux-x86_64-debian-clang | 1.0.0 | 6.93 | 79.20 | 86.13 | OK | |
r-devel-linux-x86_64-debian-gcc | 1.0.0 | 4.81 | 56.67 | 61.48 | OK | |
r-devel-linux-x86_64-fedora-clang | 1.0.0 | 130.19 | OK | |||
r-devel-linux-x86_64-fedora-gcc | 1.0.0 | 149.02 | OK | |||
r-devel-windows-x86_64 | 1.0.0 | 8.00 | 85.00 | 93.00 | OK | |
r-patched-linux-x86_64 | 1.0.0 | 7.83 | 73.89 | 81.72 | OK | |
r-release-linux-x86_64 | 1.0.0 | 6.91 | 74.26 | 81.17 | OK | |
r-release-macos-arm64 | 1.0.0 | 49.00 | OK | |||
r-release-macos-x86_64 | 1.0.0 | 91.00 | OK | |||
r-release-windows-x86_64 | 1.0.0 | 8.00 | 96.00 | 104.00 | OK | |
r-oldrel-macos-arm64 | 1.0.0 | 45.00 | NOTE | |||
r-oldrel-macos-x86_64 | 1.0.0 | 68.00 | NOTE | |||
r-oldrel-windows-x86_64 | 1.0.0 | 10.00 | 104.00 | 114.00 | NOTE |
Version: 1.0.0
Check: LazyData
Result: NOTE
'LazyData' is specified without a 'data' directory
Flavors: r-oldrel-macos-arm64, r-oldrel-macos-x86_64, r-oldrel-windows-x86_64